Last updated on 2025-05-01 12:49:37 CEST.
Flavor | Version | Tinstall | Tcheck | Ttotal | Status | Flags |
---|---|---|---|---|---|---|
r-devel-linux-x86_64-debian-clang | 2.18.4 | 17.95 | 336.91 | 354.86 | NOTE | |
r-devel-linux-x86_64-debian-gcc | 2.18.4 | 10.72 | 228.02 | 238.74 | OK | |
r-devel-linux-x86_64-fedora-clang | 2.18.4 | 558.68 | OK | |||
r-devel-linux-x86_64-fedora-gcc | 2.18.4 | 571.39 | OK | |||
r-devel-windows-x86_64 | 2.18.4 | 21.00 | 358.00 | 379.00 | OK | |
r-patched-linux-x86_64 | 2.18.4 | 19.04 | 328.47 | 347.51 | OK | |
r-release-linux-x86_64 | OK | |||||
r-release-macos-arm64 | 2.18.4 | 188.00 | OK | |||
r-release-macos-x86_64 | 2.18.4 | 198.00 | OK | |||
r-release-windows-x86_64 | 2.18.4 | 19.00 | 356.00 | 375.00 | OK | |
r-oldrel-macos-arm64 | 2.18.4 | 135.00 | OK | |||
r-oldrel-macos-x86_64 | 2.18.4 | 209.00 | OK | |||
r-oldrel-windows-x86_64 | 2.18.4 | 26.00 | 490.00 | 516.00 | OK |
Version: 2.18.4
Check: examples
Result: NOTE
Examples with CPU (user + system) or elapsed time > 5s
user system elapsed
qgcomp.multinomial.boot 8.315 0.119 12.221
Flavor: r-devel-linux-x86_64-debian-clang
Version: 2.18.4
Check: examples
Result: NA
user system elapsed
qgcomp.multinomial.boot 4.583 0.029 5.181
OK
Flavor: r-devel-linux-x86_64-debian-gcc
These binaries (installable software) and packages are in development.
They may not be fully stable and should be used with caution. We make no claims about them.