CRAN Package Check Results for Package qgcomp

Last updated on 2025-10-23 15:50:07 CEST.

Flavor Version Tinstall Tcheck Ttotal Status Flags
r-devel-linux-x86_64-debian-clang 2.18.7 21.09 360.35 381.44 NOTE
r-devel-linux-x86_64-debian-gcc 2.18.7 13.49 246.48 259.97 OK
r-devel-linux-x86_64-fedora-clang 2.18.7 79.00 540.79 619.79 OK
r-devel-linux-x86_64-fedora-gcc 2.18.7 44.00 562.96 606.96 OK
r-devel-windows-x86_64 2.18.7 21.00 379.00 400.00 OK
r-patched-linux-x86_64 2.18.7 20.89 355.29 376.18 OK
r-release-linux-x86_64 2.18.7 19.84 355.87 375.71 OK
r-release-macos-arm64 2.18.7 8.00 174.00 182.00 OK
r-release-macos-x86_64 2.18.7 17.00 294.00 311.00 OK
r-release-windows-x86_64 2.18.7 21.00 380.00 401.00 OK
r-oldrel-macos-arm64 2.18.7 8.00 175.00 183.00 OK
r-oldrel-macos-x86_64 2.18.7 18.00 369.00 387.00 OK
r-oldrel-windows-x86_64 2.18.7 29.00 514.00 543.00 OK

Check Details

Version: 2.18.7
Check: HTML version of manual
Result: NOTE Found the following HTML validation problems: checknames.html:52:1 (checknames.Rd:10): Warning: missing </ul> before </div> glance.qgcompfit.html:63:1 (glance.qgcompfit.Rd:12): Warning: missing </ul> before </div> homogeneity_test.html:53:1 (homogeneity_test.Rd:15): Warning: missing </ul> before </div> tidy.qgcompfit.html:76:1 (tidy.qgcompfit.Rd:27): Warning: missing </ul> before </div> Flavor: r-devel-linux-x86_64-debian-clang

These binaries (installable software) and packages are in development.
They may not be fully stable and should be used with caution. We make no claims about them.