CRAN Package Check Results for Package qgg

Last updated on 2025-07-11 13:48:35 CEST.

Flavor Version Tinstall Tcheck Ttotal Status Flags
r-devel-linux-x86_64-debian-clang 1.1.6 83.42 110.95 194.37 OK
r-devel-linux-x86_64-debian-gcc 1.1.6 60.05 76.57 136.62 OK
r-devel-linux-x86_64-fedora-clang 1.1.6 331.14 OK
r-devel-linux-x86_64-fedora-gcc 1.1.6 315.95 OK
r-devel-windows-x86_64 1.1.6 93.00 138.00 231.00 OK
r-patched-linux-x86_64 1.1.6 91.07 103.92 194.99 OK
r-release-linux-x86_64 1.1.6 88.42 102.18 190.60 OK
r-release-macos-arm64 1.1.6 80.00 OK
r-release-macos-x86_64 1.1.6 149.00 OK
r-release-windows-x86_64 1.1.6 92.00 143.00 235.00 OK
r-oldrel-macos-arm64 1.1.6 74.00 NOTE
r-oldrel-macos-x86_64 1.1.6 134.00 NOTE
r-oldrel-windows-x86_64 1.1.6 115.00 177.00 292.00 OK

Check Details

Version: 1.1.6
Check: installed package size
Result: NOTE installed size is 5.8Mb sub-directories of 1Mb or more: libs 4.8Mb Flavors: r-oldrel-macos-arm64, r-oldrel-macos-x86_64

These binaries (installable software) and packages are in development.
They may not be fully stable and should be used with caution. We make no claims about them.