Last updated on 2025-02-16 08:50:57 CET.
Flavor | Version | Tinstall | Tcheck | Ttotal | Status | Flags |
---|---|---|---|---|---|---|
r-devel-linux-x86_64-debian-clang | 0.4.1 | 6.28 | 80.12 | 86.40 | OK | |
r-devel-linux-x86_64-debian-gcc | 0.4.1 | 4.01 | 54.31 | 58.32 | OK | |
r-devel-linux-x86_64-fedora-clang | 0.4.1 | 143.01 | OK | |||
r-devel-linux-x86_64-fedora-gcc | 0.4.1 | 144.85 | OK | |||
r-devel-macos-arm64 | 0.4.1 | 57.00 | OK | |||
r-devel-macos-x86_64 | 0.4.1 | 110.00 | OK | |||
r-devel-windows-x86_64 | 0.4.1 | 8.00 | 101.00 | 109.00 | OK | |
r-patched-linux-x86_64 | 0.4.1 | 5.53 | 74.03 | 79.56 | NOTE | |
r-release-linux-x86_64 | 0.4.1 | 4.46 | 74.20 | 78.66 | NOTE | |
r-release-macos-arm64 | 0.4.1 | 51.00 | NOTE | |||
r-release-macos-x86_64 | 0.4.1 | 84.00 | NOTE | |||
r-release-windows-x86_64 | 0.4.1 | 7.00 | 96.00 | 103.00 | NOTE | |
r-oldrel-macos-arm64 | 0.4.1 | 57.00 | NOTE | |||
r-oldrel-macos-x86_64 | 0.4.1 | 80.00 | NOTE | |||
r-oldrel-windows-x86_64 | 0.4.1 | 9.00 | 113.00 | 122.00 | NOTE |
Version: 0.4.1
Check: package dependencies
Result: NOTE
Package suggested but not available for checking: ‘spDataLarge’
Flavors: r-patched-linux-x86_64, r-release-linux-x86_64, r-release-macos-arm64, r-release-macos-x86_64, r-release-windows-x86_64, r-oldrel-macos-arm64, r-oldrel-macos-x86_64, r-oldrel-windows-x86_64
These binaries (installable software) and packages are in development.
They may not be fully stable and should be used with caution. We make no claims about them.