Last updated on 2025-05-01 08:52:42 CEST.
Flavor | Version | Tinstall | Tcheck | Ttotal | Status | Flags |
---|---|---|---|---|---|---|
r-devel-linux-x86_64-debian-clang | 1.9.8 | 32.22 | 147.44 | 179.66 | NOTE | |
r-devel-linux-x86_64-debian-gcc | 1.9.8 | 21.30 | 95.97 | 117.27 | NOTE | |
r-devel-linux-x86_64-fedora-clang | 1.9.8 | 278.63 | OK | |||
r-devel-linux-x86_64-fedora-gcc | 1.9.8 | 259.41 | OK | |||
r-devel-windows-x86_64 | 1.9.8 | 34.00 | 165.00 | 199.00 | OK | |
r-patched-linux-x86_64 | 1.9.8 | 29.82 | 136.41 | 166.23 | OK | |
r-release-linux-x86_64 | OK | |||||
r-release-macos-arm64 | 1.9.8 | 67.00 | OK | |||
r-release-macos-x86_64 | 1.9.8 | 131.00 | OK | |||
r-release-windows-x86_64 | 1.9.8 | 38.00 | 170.00 | 208.00 | OK | |
r-oldrel-macos-arm64 | 1.9.8 | 68.00 | OK | |||
r-oldrel-macos-x86_64 | 1.9.8 | 109.00 | OK | |||
r-oldrel-windows-x86_64 | 1.9.8 | 46.00 | 202.00 | 248.00 | OK |
Version: 1.9.8
Check: CRAN incoming feasibility
Result: NOTE
Maintainer: ‘Sacha Epskamp <mail@sachaepskamp.com>’
The BugReports field in DESCRIPTION has
https://github.com/SachaEpskamp/qgraph
which should likely be
https://github.com/SachaEpskamp/qgraph/issues
instead.
Flavors: r-devel-linux-x86_64-debian-clang, r-devel-linux-x86_64-debian-gcc
These binaries (installable software) and packages are in development.
They may not be fully stable and should be used with caution. We make no claims about them.