CRAN Package Check Results for Package qiitr

Last updated on 2025-11-13 17:50:44 CET.

Flavor Version Tinstall Tcheck Ttotal Status Flags
r-devel-linux-x86_64-debian-clang 0.1.1 2.09 24.52 26.61 OK
r-devel-linux-x86_64-debian-gcc 0.1.1 1.54 19.13 20.67 OK
r-devel-linux-x86_64-fedora-clang 0.1.1 36.61 OK
r-devel-linux-x86_64-fedora-gcc 0.1.1 35.89 OK
r-devel-windows-x86_64 0.1.1 4.00 43.00 47.00 OK
r-patched-linux-x86_64 0.1.1 1.64 21.96 23.60 OK
r-release-linux-x86_64 0.1.1 2.01 21.92 23.93 OK
r-release-macos-arm64 0.1.1 1.00 18.00 19.00 OK
r-release-macos-x86_64 0.1.1 2.00 47.00 49.00 OK
r-release-windows-x86_64 0.1.1 3.00 41.00 44.00 OK
r-oldrel-macos-arm64 0.1.1 1.00 14.00 15.00 NOTE
r-oldrel-macos-x86_64 0.1.1 2.00 23.00 25.00 NOTE
r-oldrel-windows-x86_64 0.1.1 5.00 49.00 54.00 NOTE

Check Details

Version: 0.1.1
Check: LazyData
Result: NOTE 'LazyData' is specified without a 'data' directory Flavors: r-oldrel-macos-arm64, r-oldrel-macos-x86_64, r-oldrel-windows-x86_64

These binaries (installable software) and packages are in development.
They may not be fully stable and should be used with caution. We make no claims about them.