Last updated on 2025-05-24 21:50:53 CEST.
Flavor | Version | Tinstall | Tcheck | Ttotal | Status | Flags |
---|---|---|---|---|---|---|
r-devel-linux-x86_64-debian-clang | 1.19 | 12.96 | 58.36 | 71.32 | NOTE | |
r-devel-linux-x86_64-debian-gcc | 1.19 | 8.73 | 40.67 | 49.40 | NOTE | |
r-devel-linux-x86_64-fedora-clang | 1.19 | 114.03 | NOTE | |||
r-devel-linux-x86_64-fedora-gcc | 1.19 | 115.62 | NOTE | |||
r-devel-windows-x86_64 | 1.19 | 12.00 | 130.00 | 142.00 | NOTE | |
r-patched-linux-x86_64 | 1.19 | 14.99 | 54.96 | 69.95 | NOTE | |
r-release-linux-x86_64 | 1.19 | 10.93 | 56.76 | 67.69 | NOTE | |
r-release-macos-arm64 | 1.19 | 35.00 | NOTE | |||
r-release-macos-x86_64 | 1.19 | 78.00 | NOTE | |||
r-release-windows-x86_64 | 1.19 | 15.00 | 91.00 | 106.00 | NOTE | |
r-oldrel-macos-arm64 | 1.19 | 36.00 | NOTE | |||
r-oldrel-macos-x86_64 | 1.19 | 62.00 | NOTE | |||
r-oldrel-windows-x86_64 | 1.19 | 19.00 | 95.00 | 114.00 | NOTE |
Version: 1.19
Check: package subdirectories
Result: NOTE
Problems with news in ‘NEWS.md’:
No news entries found.
Flavors: r-devel-linux-x86_64-debian-clang, r-devel-linux-x86_64-debian-gcc, r-devel-linux-x86_64-fedora-clang, r-devel-linux-x86_64-fedora-gcc, r-devel-windows-x86_64, r-patched-linux-x86_64, r-release-linux-x86_64, r-release-macos-arm64, r-release-macos-x86_64, r-release-windows-x86_64, r-oldrel-macos-arm64, r-oldrel-macos-x86_64, r-oldrel-windows-x86_64
These binaries (installable software) and packages are in development.
They may not be fully stable and should be used with caution. We make no claims about them.