Last updated on 2025-05-02 02:51:03 CEST.
Flavor | Version | Tinstall | Tcheck | Ttotal | Status | Flags |
---|---|---|---|---|---|---|
r-devel-linux-x86_64-debian-clang | 0.9.8 | 6.84 | 129.25 | 136.09 | NOTE | |
r-devel-linux-x86_64-debian-gcc | 0.9.8 | 6.05 | 96.88 | 102.93 | NOTE | |
r-devel-linux-x86_64-fedora-clang | 0.9.8 | 201.52 | OK | |||
r-devel-linux-x86_64-fedora-gcc | 0.9.8 | 218.35 | OK | |||
r-devel-windows-x86_64 | 0.9.8 | 8.00 | 152.00 | 160.00 | NOTE | |
r-patched-linux-x86_64 | 0.9.8 | 8.13 | 126.72 | 134.85 | NOTE | |
r-release-linux-x86_64 | NOTE | |||||
r-release-macos-arm64 | 0.9.8 | 87.00 | OK | |||
r-release-macos-x86_64 | 0.9.8 | 152.00 | OK | |||
r-release-windows-x86_64 | 0.9.8 | 10.00 | 161.00 | 171.00 | NOTE | |
r-oldrel-macos-arm64 | 0.9.8 | 79.00 | OK | |||
r-oldrel-macos-x86_64 | 0.9.8 | 115.00 | OK | |||
r-oldrel-windows-x86_64 | 0.9.8 | 11.00 | 188.00 | 199.00 | OK |
Version: 0.9.8
Check: Rd cross-references
Result: NOTE
Found the following Rd file(s) with Rd \link{} targets missing package
anchors:
array.Rd: simple_sparse_array
rKhatriRao.Rd: KhatriRao
Please provide package anchors for all Rd \link{} targets not in the
package itself and the base packages.
Flavors: r-devel-linux-x86_64-debian-clang, r-devel-linux-x86_64-debian-gcc, r-devel-windows-x86_64, r-patched-linux-x86_64, r-release-linux-x86_64, r-release-windows-x86_64
Version: 0.9.8
Check: examples
Result: NOTE
Examples with CPU (user + system) or elapsed time > 5s
user system elapsed
sim.wordlist 7.717 0.140 11.613
sim.nominal 7.448 0.161 11.025
splitWordlist 6.091 0.087 9.162
splitText 4.949 0.104 7.682
assocSparse 3.022 0.378 5.268
sim.words 3.324 0.035 5.846
Flavor: r-devel-linux-x86_64-debian-clang
These binaries (installable software) and packages are in development.
They may not be fully stable and should be used with caution. We make no claims about them.