Last updated on 2025-10-23 21:51:37 CEST.
Flavor | Version | Tinstall | Tcheck | Ttotal | Status | Flags |
---|---|---|---|---|---|---|
r-devel-linux-x86_64-debian-clang | 0.9.9 | 6.59 | 128.75 | 135.34 | NOTE | |
r-devel-linux-x86_64-debian-gcc | 0.9.9 | 5.89 | 95.33 | 101.22 | OK | |
r-devel-linux-x86_64-fedora-clang | 0.9.9 | 21.00 | 187.38 | 208.38 | OK | |
r-devel-linux-x86_64-fedora-gcc | 0.9.9 | 20.00 | 196.21 | 216.21 | OK | |
r-devel-windows-x86_64 | 0.9.9 | 9.00 | 149.00 | 158.00 | OK | |
r-patched-linux-x86_64 | 0.9.9 | 7.96 | 130.73 | 138.69 | OK | |
r-release-linux-x86_64 | 0.9.9 | 7.13 | 129.23 | 136.36 | OK | |
r-release-macos-arm64 | 0.9.9 | 4.00 | 73.00 | 77.00 | OK | |
r-release-macos-x86_64 | 0.9.9 | 6.00 | 133.00 | 139.00 | OK | |
r-release-windows-x86_64 | 0.9.9 | 9.00 | 150.00 | 159.00 | OK | |
r-oldrel-macos-arm64 | 0.9.9 | 3.00 | 72.00 | 75.00 | OK | |
r-oldrel-macos-x86_64 | 0.9.9 | 8.00 | 156.00 | 164.00 | OK | |
r-oldrel-windows-x86_64 | 0.9.9 | 13.00 | 195.00 | 208.00 | OK |
Version: 0.9.9
Check: HTML version of manual
Result: NOTE
Found the following HTML validation problems:
sim.strings.html:102:1 (sim.strings.Rd:52): Warning: <h3> anchor "_sec_note" already defined
Flavor: r-devel-linux-x86_64-debian-clang
These binaries (installable software) and packages are in development.
They may not be fully stable and should be used with caution. We make no claims about them.