Last updated on 2025-02-16 08:50:57 CET.
Flavor | Version | Tinstall | Tcheck | Ttotal | Status | Flags |
---|---|---|---|---|---|---|
r-devel-linux-x86_64-debian-clang | 0.9.8 | 7.00 | 126.93 | 133.93 | NOTE | |
r-devel-linux-x86_64-debian-gcc | 0.9.8 | 4.96 | 95.04 | 100.00 | NOTE | |
r-devel-linux-x86_64-fedora-clang | 0.9.8 | 214.99 | OK | |||
r-devel-linux-x86_64-fedora-gcc | 0.9.8 | 227.48 | OK | |||
r-devel-macos-arm64 | 0.9.8 | 78.00 | OK | |||
r-devel-macos-x86_64 | 0.9.8 | 154.00 | OK | |||
r-devel-windows-x86_64 | 0.9.8 | 9.00 | 160.00 | 169.00 | NOTE | |
r-patched-linux-x86_64 | 0.9.8 | 10.70 | 122.10 | 132.80 | OK | |
r-release-linux-x86_64 | 0.9.8 | 7.66 | 122.96 | 130.62 | OK | |
r-release-macos-arm64 | 0.9.8 | 79.00 | OK | |||
r-release-macos-x86_64 | 0.9.8 | 115.00 | OK | |||
r-release-windows-x86_64 | 0.9.8 | 9.00 | 152.00 | 161.00 | OK | |
r-oldrel-macos-arm64 | 0.9.8 | 76.00 | OK | |||
r-oldrel-macos-x86_64 | 0.9.8 | 221.00 | OK | |||
r-oldrel-windows-x86_64 | 0.9.8 | 10.00 | 188.00 | 198.00 | OK |
Version: 0.9.8
Check: Rd cross-references
Result: NOTE
Found the following Rd file(s) with Rd \link{} targets missing package
anchors:
array.Rd: simple_sparse_array
rKhatriRao.Rd: KhatriRao
Please provide package anchors for all Rd \link{} targets not in the
package itself and the base packages.
Flavors: r-devel-linux-x86_64-debian-clang, r-devel-linux-x86_64-debian-gcc, r-devel-windows-x86_64
These binaries (installable software) and packages are in development.
They may not be fully stable and should be used with caution. We make no claims about them.