Last updated on 2025-07-21 19:49:53 CEST.
Flavor | Version | Tinstall | Tcheck | Ttotal | Status | Flags |
---|---|---|---|---|---|---|
r-devel-linux-x86_64-debian-clang | 0.0.15 | 133.67 | 26.27 | 159.94 | OK | |
r-devel-linux-x86_64-debian-gcc | 0.0.15 | 89.43 | 21.51 | 110.94 | OK | |
r-devel-linux-x86_64-fedora-clang | 0.0.15 | 369.81 | OK | |||
r-devel-linux-x86_64-fedora-gcc | 0.0.15 | 269.48 | OK | |||
r-devel-windows-x86_64 | 0.0.15 | 167.00 | 69.00 | 236.00 | OK | |
r-patched-linux-x86_64 | 0.0.15 | 128.75 | 24.00 | 152.75 | OK | |
r-release-linux-x86_64 | 0.0.15 | 127.99 | 23.77 | 151.76 | OK | |
r-release-macos-arm64 | 0.0.15 | 60.00 | OK | |||
r-release-macos-x86_64 | 0.0.15 | 62.00 | OK | |||
r-release-windows-x86_64 | 0.0.15 | 175.00 | 69.00 | 244.00 | OK | |
r-oldrel-macos-arm64 | 0.0.15 | 70.00 | NOTE | |||
r-oldrel-macos-x86_64 | 0.0.15 | 70.00 | NOTE | |||
r-oldrel-windows-x86_64 | 0.0.15 | 153.00 | 82.00 | 235.00 | OK |
Version: 0.0.15
Check: installed package size
Result: NOTE
installed size is 7.7Mb
sub-directories of 1Mb or more:
libs 7.6Mb
Flavors: r-oldrel-macos-arm64, r-oldrel-macos-x86_64
These binaries (installable software) and packages are in development.
They may not be fully stable and should be used with caution. We make no claims about them.