Last updated on 2025-02-16 08:50:57 CET.
Flavor | Version | Tinstall | Tcheck | Ttotal | Status | Flags |
---|---|---|---|---|---|---|
r-devel-linux-x86_64-debian-clang | 1.3.4 | 104.70 | 23.28 | 127.98 | OK | |
r-devel-linux-x86_64-debian-gcc | 1.3.4 | 90.94 | 18.95 | 109.89 | OK | |
r-devel-linux-x86_64-fedora-clang | 1.3.4 | 360.88 | OK | |||
r-devel-linux-x86_64-fedora-gcc | 1.3.4 | 310.47 | OK | |||
r-devel-macos-arm64 | 1.3.4 | 69.00 | OK | |||
r-devel-macos-x86_64 | 1.3.4 | 67.00 | OK | |||
r-devel-windows-x86_64 | 1.3.4 | 141.00 | 85.00 | 226.00 | OK | |
r-patched-linux-x86_64 | 1.3.4 | 119.69 | 22.56 | 142.25 | OK | |
r-release-linux-x86_64 | 1.3.4 | 127.46 | 22.48 | 149.94 | OK | |
r-release-macos-arm64 | 1.3.4 | 66.00 | NOTE | |||
r-release-macos-x86_64 | 1.3.4 | 61.00 | NOTE | |||
r-release-windows-x86_64 | 1.3.4 | 141.00 | 80.00 | 221.00 | OK | |
r-oldrel-macos-arm64 | 1.3.4 | 62.00 | NOTE | |||
r-oldrel-macos-x86_64 | 1.3.4 | 60.00 | NOTE | |||
r-oldrel-windows-x86_64 | 1.3.4 | 162.00 | 94.00 | 256.00 | OK |
Version: 1.3.4
Check: installed package size
Result: NOTE
installed size is 15.8Mb
sub-directories of 1Mb or more:
libs 15.7Mb
Flavors: r-release-macos-arm64, r-release-macos-x86_64, r-oldrel-macos-arm64, r-oldrel-macos-x86_64
These binaries (installable software) and packages are in development.
They may not be fully stable and should be used with caution. We make no claims about them.