Last updated on 2025-07-26 07:50:31 CEST.
Flavor | Version | Tinstall | Tcheck | Ttotal | Status | Flags |
---|---|---|---|---|---|---|
r-devel-linux-x86_64-debian-clang | 1.4.1 | 321.66 | 24.78 | 346.44 | OK | |
r-devel-linux-x86_64-debian-gcc | 1.4.1 | 250.51 | 20.06 | 270.57 | OK | |
r-devel-linux-x86_64-fedora-clang | 1.4.1 | 713.13 | OK | |||
r-devel-linux-x86_64-fedora-gcc | 1.4.1 | 727.50 | OK | |||
r-devel-windows-x86_64 | 1.4.1 | 373.00 | 94.00 | 467.00 | OK | |
r-patched-linux-x86_64 | 1.4.1 | 358.75 | 23.36 | 382.11 | OK | |
r-release-linux-x86_64 | 1.4.1 | 351.22 | 23.53 | 374.75 | OK | |
r-release-macos-arm64 | 1.4.1 | 163.00 | OK | |||
r-release-macos-x86_64 | 1.4.1 | 167.00 | OK | |||
r-release-windows-x86_64 | 1.4.1 | 356.00 | 93.00 | 449.00 | OK | |
r-oldrel-macos-arm64 | 1.4.1 | 163.00 | NOTE | |||
r-oldrel-macos-x86_64 | 1.4.1 | 167.00 | NOTE | |||
r-oldrel-windows-x86_64 | 1.4.1 | 425.00 | 114.00 | 539.00 | OK |
Version: 1.4.1
Check: installed package size
Result: NOTE
installed size is 5.1Mb
sub-directories of 1Mb or more:
libs 5.0Mb
Flavors: r-oldrel-macos-arm64, r-oldrel-macos-x86_64
These binaries (installable software) and packages are in development.
They may not be fully stable and should be used with caution. We make no claims about them.