CRAN Package Check Results for Package qpmadr

Last updated on 2025-07-21 19:49:53 CEST.

Flavor Version Tinstall Tcheck Ttotal Status Flags
r-devel-linux-x86_64-debian-clang 1.1.0-0 23.10 25.57 48.67 NOTE
r-devel-linux-x86_64-debian-gcc 1.1.0-0 19.36 23.64 43.00 NOTE
r-devel-linux-x86_64-fedora-clang 1.1.0-0 88.68 NOTE
r-devel-linux-x86_64-fedora-gcc 1.1.0-0 86.86 NOTE
r-devel-windows-x86_64 1.1.0-0 29.00 64.00 93.00 NOTE
r-patched-linux-x86_64 1.1.0-0 25.91 26.30 52.21 NOTE
r-release-linux-x86_64 1.1.0-0 28.16 26.05 54.21 NOTE
r-release-macos-arm64 1.1.0-0 35.00 NOTE
r-release-macos-x86_64 1.1.0-0 49.00 NOTE
r-release-windows-x86_64 1.1.0-0 26.00 67.00 93.00 NOTE
r-oldrel-macos-arm64 1.1.0-0 29.00 NOTE
r-oldrel-macos-x86_64 1.1.0-0 41.00 NOTE
r-oldrel-windows-x86_64 1.1.0-0 34.00 78.00 112.00 NOTE

Check Details

Version: 1.1.0-0
Check: C++ specification
Result: NOTE Specified C++11: please drop specification unless essential Flavors: r-devel-linux-x86_64-debian-clang, r-devel-linux-x86_64-debian-gcc, r-devel-linux-x86_64-fedora-clang, r-devel-linux-x86_64-fedora-gcc, r-devel-windows-x86_64, r-patched-linux-x86_64, r-release-linux-x86_64, r-release-macos-arm64, r-release-macos-x86_64, r-release-windows-x86_64, r-oldrel-macos-arm64, r-oldrel-macos-x86_64, r-oldrel-windows-x86_64

Version: 1.1.0-0
Check: installed package size
Result: NOTE installed size is 9.2Mb sub-directories of 1Mb or more: libs 9.0Mb Flavors: r-oldrel-macos-arm64, r-oldrel-macos-x86_64

These binaries (installable software) and packages are in development.
They may not be fully stable and should be used with caution. We make no claims about them.