Last updated on 2025-10-24 01:50:36 CEST.
| Flavor | Version | Tinstall | Tcheck | Ttotal | Status | Flags |
|---|---|---|---|---|---|---|
| r-devel-linux-x86_64-debian-clang | 1.1.0-0 | 25.90 | 26.90 | 52.80 | NOTE | |
| r-devel-linux-x86_64-debian-gcc | 1.1.0-0 | 18.83 | 23.17 | 42.00 | NOTE | |
| r-devel-linux-x86_64-fedora-clang | 1.1.0-0 | 67.00 | 18.23 | 85.23 | NOTE | |
| r-devel-linux-x86_64-fedora-gcc | 1.1.0-0 | 74.00 | 13.84 | 87.84 | NOTE | |
| r-devel-windows-x86_64 | 1.1.0-0 | 30.00 | 66.00 | 96.00 | NOTE | |
| r-patched-linux-x86_64 | 1.1.0-0 | 26.21 | 27.29 | 53.50 | NOTE | |
| r-release-linux-x86_64 | 1.1.0-0 | 26.49 | 27.28 | 53.77 | NOTE | |
| r-release-macos-arm64 | 1.1.0-0 | 15.00 | 20.00 | 35.00 | NOTE | |
| r-release-macos-x86_64 | 1.1.0-0 | 22.00 | 27.00 | 49.00 | NOTE | |
| r-release-windows-x86_64 | 1.1.0-0 | 28.00 | 61.00 | 89.00 | NOTE | |
| r-oldrel-macos-arm64 | 1.1.0-0 | 13.00 | 16.00 | 29.00 | NOTE | |
| r-oldrel-macos-x86_64 | 1.1.0-0 | 17.00 | 24.00 | 41.00 | NOTE | |
| r-oldrel-windows-x86_64 | 1.1.0-0 | 35.00 | 76.00 | 111.00 | NOTE |
Version: 1.1.0-0
Check: C++ specification
Result: NOTE
Specified C++11: please drop specification unless essential
Flavors: r-devel-linux-x86_64-debian-clang, r-devel-linux-x86_64-debian-gcc, r-devel-linux-x86_64-fedora-clang, r-devel-linux-x86_64-fedora-gcc, r-devel-windows-x86_64, r-patched-linux-x86_64, r-release-linux-x86_64, r-release-macos-arm64, r-release-macos-x86_64, r-release-windows-x86_64, r-oldrel-macos-arm64, r-oldrel-macos-x86_64, r-oldrel-windows-x86_64
Version: 1.1.0-0
Check: installed package size
Result: NOTE
installed size is 9.2Mb
sub-directories of 1Mb or more:
libs 9.0Mb
Flavors: r-oldrel-macos-arm64, r-oldrel-macos-x86_64
These binaries (installable software) and packages are in development.
They may not be fully stable and should be used with caution. We make no claims about them.