Last updated on 2024-07-27 15:50:30 CEST.
Flavor | Version | Tinstall | Tcheck | Ttotal | Status | Flags |
---|---|---|---|---|---|---|
r-devel-linux-x86_64-debian-clang | 2.3 | 15.40 | 116.00 | 131.40 | OK | |
r-devel-linux-x86_64-debian-gcc | 2.3 | OK | ||||
r-devel-linux-x86_64-fedora-clang | 2.3 | 160.27 | NOTE | |||
r-devel-linux-x86_64-fedora-gcc | 2.3 | 157.30 | OK | |||
r-devel-windows-x86_64 | 2.3 | 10.00 | 87.00 | 97.00 | OK | |
r-patched-linux-x86_64 | 2.3 | OK | ||||
r-release-linux-x86_64 | 2.3 | 14.74 | 111.25 | 125.99 | OK | |
r-release-macos-arm64 | 2.3 | 84.00 | OK | |||
r-release-macos-x86_64 | 2.3 | 99.00 | OK | |||
r-release-windows-x86_64 | 2.3 | 10.00 | 86.00 | 96.00 | OK | |
r-oldrel-macos-arm64 | 2.3 | 52.00 | OK | |||
r-oldrel-macos-x86_64 | 2.3 | 95.00 | OK | |||
r-oldrel-windows-x86_64 | 2.3 | 13.00 | 99.00 | 112.00 | OK |
Version: 2.3
Check: Rd cross-references
Result: NOTE
Undeclared package ‘qrNLMM’ in Rd xrefs
Flavor: r-devel-linux-x86_64-fedora-clang
These binaries (installable software) and packages are in development.
They may not be fully stable and should be used with caution. We make no claims about them.