Last updated on 2025-05-01 14:49:19 CEST.
Flavor | Version | Tinstall | Tcheck | Ttotal | Status | Flags |
---|---|---|---|---|---|---|
r-devel-linux-x86_64-debian-clang | 3.4 | 11.72 | 79.82 | 91.54 | NOTE | |
r-devel-linux-x86_64-debian-gcc | 3.4 | 8.29 | 59.43 | 67.72 | NOTE | |
r-devel-linux-x86_64-fedora-clang | 3.4 | 141.88 | OK | |||
r-devel-linux-x86_64-fedora-gcc | 3.4 | 134.74 | OK | |||
r-devel-windows-x86_64 | 3.4 | 12.00 | 93.00 | 105.00 | OK | |
r-patched-linux-x86_64 | 3.4 | 10.33 | 75.59 | 85.92 | OK | |
r-release-linux-x86_64 | OK | |||||
r-release-macos-arm64 | 3.4 | 42.00 | OK | |||
r-release-macos-x86_64 | 3.4 | 91.00 | OK | |||
r-release-windows-x86_64 | 3.4 | 13.00 | 96.00 | 109.00 | OK | |
r-oldrel-macos-arm64 | 3.4 | 40.00 | OK | |||
r-oldrel-macos-x86_64 | 3.4 | 87.00 | OK | |||
r-oldrel-windows-x86_64 | 3.4 | 14.00 | 109.00 | 123.00 | OK |
Version: 3.4
Check: CRAN incoming feasibility
Result: NOTE
Maintainer: ‘Christian E. Galarza <cgalarza88@gmail.com>’
No Authors@R field in DESCRIPTION.
Please add one, modifying
Authors@R: c(person(given = c("Christian", "E."),
family = "Galarza",
role = c("aut", "cre"),
email = "chedgala@espol.edu.ec"),
person(given = c("Victor", "H."),
family = "Lachos",
role = "aut",
email = "hlachos@uconn.edu"))
as necessary.
Flavors: r-devel-linux-x86_64-debian-clang, r-devel-linux-x86_64-debian-gcc
These binaries (installable software) and packages are in development.
They may not be fully stable and should be used with caution. We make no claims about them.