CRAN Package Check Results for Package qrcode

Last updated on 2025-10-23 17:50:58 CEST.

Flavor Version Tinstall Tcheck Ttotal Status Flags
r-devel-linux-x86_64-debian-clang 0.3.0 3.00 55.74 58.74 NOTE
r-devel-linux-x86_64-debian-gcc 0.3.0 2.20 36.52 38.72 NOTE
r-devel-linux-x86_64-fedora-clang 0.3.0 92.50 NOTE
r-devel-linux-x86_64-fedora-gcc 0.3.0 92.79 NOTE
r-devel-windows-x86_64 0.3.0 5.00 66.00 71.00 NOTE
r-patched-linux-x86_64 0.3.0 3.36 50.41 53.77 NOTE
r-release-linux-x86_64 0.3.0 2.69 50.73 53.42 NOTE
r-release-macos-arm64 0.3.0 1.00 25.00 26.00 NOTE
r-release-macos-x86_64 0.3.0 3.00 47.00 50.00 NOTE
r-release-windows-x86_64 0.3.0 4.00 70.00 74.00 NOTE
r-oldrel-macos-arm64 0.3.0 2.00 29.00 31.00 OK
r-oldrel-macos-x86_64 0.3.0 3.00 56.00 59.00 OK
r-oldrel-windows-x86_64 0.3.0 6.00 83.00 89.00 OK

Check Details

Version: 0.3.0
Check: DESCRIPTION meta-information
Result: NOTE Missing dependency on R >= 4.2.0 because package code uses the pipe placeholder syntax added in R 4.2.0. File(s) using such syntax: ‘qr_vcard.R’ Flavors: r-devel-linux-x86_64-debian-clang, r-devel-linux-x86_64-debian-gcc, r-devel-linux-x86_64-fedora-clang, r-devel-linux-x86_64-fedora-gcc, r-devel-windows-x86_64, r-patched-linux-x86_64, r-release-linux-x86_64, r-release-macos-arm64, r-release-macos-x86_64, r-release-windows-x86_64

Version: 0.3.0
Check: HTML version of manual
Result: NOTE Found the following HTML validation problems: add_logo.html:90:1 (add_logo.Rd:41): Warning: missing </ul> before </div> qr_vcard.html:134:1 (qr_vcard.Rd:68): Warning: missing </ul> before </div> Flavor: r-devel-linux-x86_64-debian-clang

These binaries (installable software) and packages are in development.
They may not be fully stable and should be used with caution. We make no claims about them.