Last updated on 2025-05-01 14:49:19 CEST.
Flavor | Version | Tinstall | Tcheck | Ttotal | Status | Flags |
---|---|---|---|---|---|---|
r-devel-linux-x86_64-debian-clang | 0.3.0 | 3.00 | 54.10 | 57.10 | NOTE | |
r-devel-linux-x86_64-debian-gcc | 0.3.0 | 2.44 | 34.85 | 37.29 | NOTE | |
r-devel-linux-x86_64-fedora-clang | 0.3.0 | 93.32 | NOTE | |||
r-devel-linux-x86_64-fedora-gcc | 0.3.0 | 94.99 | NOTE | |||
r-devel-windows-x86_64 | 0.3.0 | 5.00 | 74.00 | 79.00 | NOTE | |
r-patched-linux-x86_64 | 0.3.0 | 3.69 | 49.36 | 53.05 | NOTE | |
r-release-linux-x86_64 | NOTE | |||||
r-release-macos-arm64 | 0.3.0 | 26.00 | NOTE | |||
r-release-macos-x86_64 | 0.3.0 | 50.00 | NOTE | |||
r-release-windows-x86_64 | 0.3.0 | 5.00 | 75.00 | 80.00 | NOTE | |
r-oldrel-macos-arm64 | 0.3.0 | 31.00 | OK | |||
r-oldrel-macos-x86_64 | 0.3.0 | 59.00 | OK | |||
r-oldrel-windows-x86_64 | 0.3.0 | 4.00 | 77.00 | 81.00 | OK |
Version: 0.3.0
Check: DESCRIPTION meta-information
Result: NOTE
Missing dependency on R >= 4.2.0 because package code uses the pipe
placeholder syntax added in R 4.2.0.
File(s) using such syntax:
‘qr_vcard.R’
Flavors: r-devel-linux-x86_64-debian-clang, r-devel-linux-x86_64-debian-gcc, r-devel-linux-x86_64-fedora-clang, r-devel-linux-x86_64-fedora-gcc, r-devel-windows-x86_64, r-patched-linux-x86_64, r-release-linux-x86_64, r-release-macos-arm64, r-release-macos-x86_64, r-release-windows-x86_64
These binaries (installable software) and packages are in development.
They may not be fully stable and should be used with caution. We make no claims about them.