Last updated on 2025-05-03 22:50:05 CEST.
Flavor | Version | Tinstall | Tcheck | Ttotal | Status | Flags |
---|---|---|---|---|---|---|
r-devel-linux-x86_64-debian-clang | 0.1.0 | 36.54 | 234.29 | 270.83 | NOTE | |
r-devel-linux-x86_64-debian-gcc | 0.1.0 | 24.87 | 147.63 | 172.50 | NOTE | |
r-devel-linux-x86_64-fedora-clang | 0.1.0 | 440.77 | NOTE | |||
r-devel-linux-x86_64-fedora-gcc | 0.1.0 | 424.60 | NOTE | |||
r-devel-windows-x86_64 | 0.1.0 | 42.00 | 199.00 | 241.00 | OK | |
r-patched-linux-x86_64 | 0.1.0 | 37.21 | 218.56 | 255.77 | OK | |
r-release-linux-x86_64 | OK | |||||
r-release-macos-arm64 | 0.1.0 | 96.00 | OK | |||
r-release-macos-x86_64 | 0.1.0 | 198.00 | OK | |||
r-release-windows-x86_64 | 0.1.0 | 41.00 | 195.00 | 236.00 | OK | |
r-oldrel-macos-arm64 | 0.1.0 | 86.00 | NOTE | |||
r-oldrel-macos-x86_64 | 0.1.0 | 141.00 | NOTE | |||
r-oldrel-windows-x86_64 | 0.1.0 | 54.00 | 279.00 | 333.00 | NOTE |
Version: 0.1.0
Check: CRAN incoming feasibility
Result: NOTE
Maintainer: ‘Bob Rudis <bob@rud.is>’
Found the following (possibly) invalid file URI:
URI: CONDUCT.md
From: README.md
Flavors: r-devel-linux-x86_64-debian-clang, r-devel-linux-x86_64-debian-gcc
Version: 0.1.0
Check: compiled code
Result: NOTE
File ‘qrencoder/libs/qrencoder.so’:
Found no calls to: ‘R_registerRoutines’, ‘R_useDynamicSymbols’
It is good practice to register native routines and to disable symbol
search.
See ‘Writing portable packages’ in the ‘Writing R Extensions’ manual.
Flavors: r-devel-linux-x86_64-fedora-clang, r-devel-linux-x86_64-fedora-gcc
Version: 0.1.0
Check: LazyData
Result: NOTE
'LazyData' is specified without a 'data' directory
Flavors: r-oldrel-macos-arm64, r-oldrel-macos-x86_64, r-oldrel-windows-x86_64
These binaries (installable software) and packages are in development.
They may not be fully stable and should be used with caution. We make no claims about them.