Last updated on 2025-02-16 08:50:57 CET.
Flavor | Version | Tinstall | Tcheck | Ttotal | Status | Flags |
---|---|---|---|---|---|---|
r-devel-linux-x86_64-debian-clang | 1.0-1 | 12.82 | 96.47 | 109.29 | NOTE | |
r-devel-linux-x86_64-debian-gcc | 1.0-1 | 11.37 | 69.97 | 81.34 | NOTE | |
r-devel-linux-x86_64-fedora-clang | 1.0-1 | 170.84 | OK | |||
r-devel-linux-x86_64-fedora-gcc | 1.0-1 | 161.41 | OK | |||
r-devel-macos-arm64 | 1.0-1 | 48.00 | OK | |||
r-devel-macos-x86_64 | 1.0-1 | 107.00 | OK | |||
r-devel-windows-x86_64 | 1.0-1 | 14.00 | 106.00 | 120.00 | NOTE | |
r-patched-linux-x86_64 | 1.0-1 | 20.94 | 88.66 | 109.60 | OK | |
r-release-linux-x86_64 | 1.0-1 | 12.39 | 89.39 | 101.78 | OK | |
r-release-macos-arm64 | 1.0-1 | 56.00 | OK | |||
r-release-macos-x86_64 | 1.0-1 | 72.00 | OK | |||
r-release-windows-x86_64 | 1.0-1 | 15.00 | 107.00 | 122.00 | OK | |
r-oldrel-macos-arm64 | 1.0-1 | 62.00 | OK | |||
r-oldrel-macos-x86_64 | 1.0-1 | 136.00 | OK | |||
r-oldrel-windows-x86_64 | 1.0-1 | 18.00 | 132.00 | 150.00 | OK |
Version: 1.0-1
Check: Rd cross-references
Result: NOTE
Found the following Rd file(s) with Rd \link{} targets missing package
anchors:
missChk.Rd: combplotp
Please provide package anchors for all Rd \link{} targets not in the
package itself and the base packages.
Flavors: r-devel-linux-x86_64-debian-clang, r-devel-linux-x86_64-debian-gcc, r-devel-windows-x86_64
These binaries (installable software) and packages are in development.
They may not be fully stable and should be used with caution. We make no claims about them.