Last updated on 2025-07-25 19:49:51 CEST.
Flavor | Version | Tinstall | Tcheck | Ttotal | Status | Flags |
---|---|---|---|---|---|---|
r-devel-linux-x86_64-debian-clang | 1.1.1 | 53.90 | 107.36 | 161.26 | NOTE | |
r-devel-linux-x86_64-debian-gcc | 1.1.1 | 37.21 | 74.35 | 111.56 | NOTE | |
r-devel-linux-x86_64-fedora-clang | 1.1.1 | 287.61 | NOTE | |||
r-devel-linux-x86_64-fedora-gcc | 1.1.1 | 237.15 | NOTE | |||
r-devel-windows-x86_64 | 1.1.1 | 65.00 | 125.00 | 190.00 | NOTE | |
r-patched-linux-x86_64 | 1.1.1 | 50.11 | 101.15 | 151.26 | NOTE | |
r-release-linux-x86_64 | 1.1.1 | 50.50 | 97.35 | 147.85 | NOTE | |
r-release-macos-arm64 | 1.1.1 | 61.00 | NOTE | |||
r-release-macos-x86_64 | 1.1.1 | 103.00 | NOTE | |||
r-release-windows-x86_64 | 1.1.1 | 63.00 | 118.00 | 181.00 | NOTE | |
r-oldrel-macos-arm64 | 1.1.1 | 61.00 | NOTE | |||
r-oldrel-macos-x86_64 | 1.1.1 | 89.00 | NOTE | |||
r-oldrel-windows-x86_64 | 1.1.1 | 75.00 | 153.00 | 228.00 | NOTE |
Version: 1.1.1
Check: C++ specification
Result: NOTE
Specified C++11: please drop specification unless essential
Flavors: r-devel-linux-x86_64-debian-clang, r-devel-linux-x86_64-debian-gcc, r-devel-linux-x86_64-fedora-clang, r-devel-linux-x86_64-fedora-gcc, r-devel-windows-x86_64, r-patched-linux-x86_64, r-release-linux-x86_64, r-release-macos-arm64, r-release-macos-x86_64, r-release-windows-x86_64, r-oldrel-macos-arm64, r-oldrel-macos-x86_64, r-oldrel-windows-x86_64
These binaries (installable software) and packages are in development.
They may not be fully stable and should be used with caution. We make no claims about them.