Last updated on 2025-07-02 03:50:49 CEST.
Flavor | Version | Tinstall | Tcheck | Ttotal | Status | Flags |
---|---|---|---|---|---|---|
r-devel-linux-x86_64-debian-clang | 0.2.0 | 8.67 | 102.02 | 110.69 | NOTE | |
r-devel-linux-x86_64-debian-gcc | 0.2.0 | 6.17 | 72.76 | 78.93 | NOTE | |
r-devel-linux-x86_64-fedora-clang | 0.2.0 | 174.63 | NOTE | |||
r-devel-linux-x86_64-fedora-gcc | 0.2.0 | 173.12 | NOTE | |||
r-devel-windows-x86_64 | 0.2.0 | 11.00 | 107.00 | 118.00 | NOTE | |
r-patched-linux-x86_64 | NOTE | |||||
r-release-linux-x86_64 | 0.2.0 | 7.96 | 95.19 | 103.15 | NOTE | |
r-release-macos-arm64 | 0.2.0 | 51.00 | NOTE | |||
r-release-macos-x86_64 | 0.2.0 | 106.00 | NOTE | |||
r-release-windows-x86_64 | 0.2.0 | 14.00 | 106.00 | 120.00 | NOTE | |
r-oldrel-macos-arm64 | 0.2.0 | 50.00 | OK | |||
r-oldrel-macos-x86_64 | 0.2.0 | 86.00 | OK | |||
r-oldrel-windows-x86_64 | 0.2.0 | 14.00 | 142.00 | 156.00 | OK |
Version: 0.2.0
Check: DESCRIPTION meta-information
Result: NOTE
Missing dependency on R >= 4.2.0 because package code uses the pipe
placeholder syntax added in R 4.2.0.
File(s) using such syntax:
‘all_new_functions.R’
Flavors: r-devel-linux-x86_64-debian-clang, r-devel-linux-x86_64-debian-gcc, r-devel-linux-x86_64-fedora-clang, r-devel-linux-x86_64-fedora-gcc, r-devel-windows-x86_64, r-patched-linux-x86_64, r-release-linux-x86_64, r-release-macos-arm64, r-release-macos-x86_64, r-release-windows-x86_64
These binaries (installable software) and packages are in development.
They may not be fully stable and should be used with caution. We make no claims about them.