Last updated on 2025-11-11 15:50:44 CET.
| Flavor | Version | Tinstall | Tcheck | Ttotal | Status | Flags |
|---|---|---|---|---|---|---|
| r-devel-linux-x86_64-debian-clang | 0.2.0 | 9.82 | 113.47 | 123.29 | NOTE | |
| r-devel-linux-x86_64-debian-gcc | 0.2.0 | 6.76 | 78.00 | 84.76 | NOTE | |
| r-devel-linux-x86_64-fedora-clang | 0.2.0 | 22.00 | 166.32 | 188.32 | NOTE | |
| r-devel-linux-x86_64-fedora-gcc | 0.2.0 | 21.00 | 174.17 | 195.17 | NOTE | |
| r-devel-windows-x86_64 | 0.2.0 | 12.00 | 113.00 | 125.00 | NOTE | |
| r-patched-linux-x86_64 | 0.2.0 | 9.37 | 106.78 | 116.15 | NOTE | |
| r-release-linux-x86_64 | 0.2.0 | 9.17 | 105.02 | 114.19 | NOTE | |
| r-release-macos-arm64 | 0.2.0 | 3.00 | 48.00 | 51.00 | NOTE | |
| r-release-macos-x86_64 | 0.2.0 | 6.00 | 100.00 | 106.00 | NOTE | |
| r-release-windows-x86_64 | 0.2.0 | 13.00 | 110.00 | 123.00 | NOTE | |
| r-oldrel-macos-arm64 | 0.2.0 | 3.00 | 47.00 | 50.00 | OK | |
| r-oldrel-macos-x86_64 | 0.2.0 | 5.00 | 81.00 | 86.00 | OK | |
| r-oldrel-windows-x86_64 | 0.2.0 | 17.00 | 144.00 | 161.00 | OK |
Version: 0.2.0
Check: DESCRIPTION meta-information
Result: NOTE
Missing dependency on R >= 4.2.0 because package code uses the pipe
placeholder syntax added in R 4.2.0.
File(s) using such syntax:
‘all_new_functions.R’
Flavors: r-devel-linux-x86_64-debian-clang, r-devel-linux-x86_64-debian-gcc, r-devel-linux-x86_64-fedora-clang, r-devel-linux-x86_64-fedora-gcc, r-devel-windows-x86_64, r-patched-linux-x86_64, r-release-linux-x86_64, r-release-macos-arm64, r-release-macos-x86_64, r-release-windows-x86_64
These binaries (installable software) and packages are in development.
They may not be fully stable and should be used with caution. We make no claims about them.