Last updated on 2025-02-16 08:50:57 CET.
Flavor | Version | Tinstall | Tcheck | Ttotal | Status | Flags |
---|---|---|---|---|---|---|
r-devel-linux-x86_64-debian-clang | 0.2.0 | 7.75 | 95.21 | 102.96 | NOTE | |
r-devel-linux-x86_64-debian-gcc | 0.2.0 | 5.12 | 66.17 | 71.29 | NOTE | |
r-devel-linux-x86_64-fedora-clang | 0.2.0 | 168.13 | NOTE | |||
r-devel-linux-x86_64-fedora-gcc | 0.2.0 | 164.33 | NOTE | |||
r-devel-macos-arm64 | 0.2.0 | 54.00 | OK | |||
r-devel-macos-x86_64 | 0.2.0 | 101.00 | OK | |||
r-devel-windows-x86_64 | 0.2.0 | 10.00 | 100.00 | 110.00 | NOTE | |
r-patched-linux-x86_64 | 0.2.0 | 8.00 | 87.61 | 95.61 | OK | |
r-release-linux-x86_64 | 0.2.0 | 5.91 | 86.62 | 92.53 | OK | |
r-release-macos-arm64 | 0.2.0 | 50.00 | OK | |||
r-release-macos-x86_64 | 0.2.0 | 86.00 | OK | |||
r-release-windows-x86_64 | 0.2.0 | 10.00 | 102.00 | 112.00 | OK | |
r-oldrel-macos-arm64 | 0.2.0 | 78.00 | OK | |||
r-oldrel-macos-x86_64 | 0.2.0 | 102.00 | OK | |||
r-oldrel-windows-x86_64 | 0.2.0 | 13.00 | 120.00 | 133.00 | OK |
Version: 0.2.0
Check: DESCRIPTION meta-information
Result: NOTE
Missing dependency on R >= 4.2.0 because package code uses the pipe
placeholder syntax added in R 4.2.0.
File(s) using such syntax:
‘all_new_functions.R’
Flavors: r-devel-linux-x86_64-debian-clang, r-devel-linux-x86_64-debian-gcc, r-devel-linux-x86_64-fedora-clang, r-devel-linux-x86_64-fedora-gcc, r-devel-windows-x86_64
These binaries (installable software) and packages are in development.
They may not be fully stable and should be used with caution. We make no claims about them.