Last updated on 2025-10-23 21:51:37 CEST.
Flavor | Version | Tinstall | Tcheck | Ttotal | Status | Flags |
---|---|---|---|---|---|---|
r-devel-linux-x86_64-debian-clang | 2025-07-24-3 | 2.06 | 41.13 | 43.19 | NOTE | |
r-devel-linux-x86_64-debian-gcc | 2025-07-24-3 | 1.69 | 32.79 | 34.48 | OK | |
r-devel-linux-x86_64-fedora-clang | 2025-07-24-3 | 64.03 | OK | |||
r-devel-linux-x86_64-fedora-gcc | 2025-07-24-3 | 61.38 | OK | |||
r-devel-windows-x86_64 | 2025-07-24-3 | 4.00 | 63.00 | 67.00 | OK | |
r-patched-linux-x86_64 | 2025-07-24-3 | 1.97 | 39.69 | 41.66 | OK | |
r-release-linux-x86_64 | 2025-07-24-3 | 2.01 | 39.78 | 41.79 | OK | |
r-release-macos-arm64 | 2025-07-24-3 | 1.00 | 26.00 | 27.00 | OK | |
r-release-macos-x86_64 | 2025-07-24-3 | 2.00 | 55.00 | 57.00 | OK | |
r-release-windows-x86_64 | 2025-07-24-3 | 4.00 | 65.00 | 69.00 | OK | |
r-oldrel-macos-arm64 | 2025-07-24-3 | 1.00 | 30.00 | 31.00 | NOTE | |
r-oldrel-macos-x86_64 | 2025-07-24-3 | 2.00 | 49.00 | 51.00 | NOTE | |
r-oldrel-windows-x86_64 | 2025-07-24-3 | 6.00 | 77.00 | 83.00 | NOTE |
Version: 2025-07-24-3
Check: top-level files
Result: NOTE
Found the following validation problem for the NEWS.Rd HTML conversion:
NEWS.html:111:1 (inst/NEWS.Rd:44): Warning: missing </ul> before </div>
NEWS.html:71:1 (inst/NEWS.Rd:28): Warning: <h4> anchor "New-Features" already defined
NEWS.html:82:1 (inst/NEWS.Rd:33): Warning: <h4> anchor "Bug-Fixes" already defined
NEWS.html:97:1 (inst/NEWS.Rd:40): Warning: <h4> anchor "New-Features" already defined
Flavor: r-devel-linux-x86_64-debian-clang
Version: 2025-07-24-3
Check: installed package size
Result: NOTE
installed size is 11.0Mb
sub-directories of 1Mb or more:
data 10.8Mb
Flavors: r-oldrel-macos-arm64, r-oldrel-macos-x86_64, r-oldrel-windows-x86_64
These binaries (installable software) and packages are in development.
They may not be fully stable and should be used with caution. We make no claims about them.