Last updated on 2025-06-28 07:49:33 CEST.
Flavor | Version | Tinstall | Tcheck | Ttotal | Status | Flags |
---|---|---|---|---|---|---|
r-devel-linux-x86_64-debian-clang | 0.0-17 | 13.23 | 186.93 | 200.16 | NOTE | |
r-devel-linux-x86_64-debian-gcc | 0.0-17 | 8.83 | 137.71 | 146.54 | NOTE | |
r-devel-linux-x86_64-fedora-clang | 0.0-17 | 316.36 | OK | |||
r-devel-linux-x86_64-fedora-gcc | 0.0-17 | 320.84 | OK | |||
r-devel-windows-x86_64 | 0.0-17 | 18.00 | 195.00 | 213.00 | NOTE | |
r-patched-linux-x86_64 | NOTE | |||||
r-release-linux-x86_64 | 0.0-17 | 13.34 | 182.65 | 195.99 | NOTE | |
r-release-macos-arm64 | 0.0-17 | 96.00 | OK | |||
r-release-macos-x86_64 | 0.0-17 | 234.00 | OK | |||
r-release-windows-x86_64 | 0.0-17 | 17.00 | 197.00 | 214.00 | NOTE | |
r-oldrel-macos-arm64 | 0.0-17 | 87.00 | OK | |||
r-oldrel-macos-x86_64 | 0.0-17 | 138.00 | OK | |||
r-oldrel-windows-x86_64 | 0.0-17 | 23.00 | 247.00 | 270.00 | OK |
Version: 0.0-17
Check: Rd cross-references
Result: NOTE
Found the following Rd file(s) with Rd \link{} targets missing package
anchors:
fit_ARMA_GARCH.Rd: ugarchfit
get_data.Rd: getSymbols, Quandl, Ad, Cl, Op, Hi, Lo, Vo, OpCl, ClCl,
HiCl, LoCl, LoHi, OpHi, OpLo, OpOp
matrix_plot.Rd: levelplot
returns.Rd: xts
tests.Rd: ad.test
Please provide package anchors for all Rd \link{} targets not in the
package itself and the base packages.
Flavors: r-devel-linux-x86_64-debian-clang, r-devel-linux-x86_64-debian-gcc, r-devel-windows-x86_64, r-patched-linux-x86_64, r-release-linux-x86_64, r-release-windows-x86_64
These binaries (installable software) and packages are in development.
They may not be fully stable and should be used with caution. We make no claims about them.