CRAN Package Check Results for Package qrng

Last updated on 2025-11-13 01:50:30 CET.

Flavor Version Tinstall Tcheck Ttotal Status Flags
r-devel-linux-x86_64-debian-clang 0.0-10 3.29 25.41 28.70 NOTE
r-devel-linux-x86_64-debian-gcc 0.0-10 2.75 20.62 23.37 NOTE
r-devel-linux-x86_64-fedora-clang 0.0-10 41.18 OK
r-devel-linux-x86_64-fedora-gcc 0.0-10 40.72 OK
r-devel-windows-x86_64 0.0-10 7.00 51.00 58.00 OK
r-patched-linux-x86_64 0.0-10 3.34 24.40 27.74 NOTE
r-release-linux-x86_64 0.0-10 3.26 24.07 27.33 NOTE
r-release-macos-arm64 0.0-10 4.00 20.00 24.00 OK
r-release-macos-x86_64 0.0-10 4.00 28.00 32.00 OK
r-release-windows-x86_64 0.0-10 9.00 60.00 69.00 OK
r-oldrel-macos-arm64 0.0-10 3.00 22.00 25.00 OK
r-oldrel-macos-x86_64 0.0-10 4.00 23.00 27.00 OK
r-oldrel-windows-x86_64 0.0-10 12.00 55.00 67.00 OK

Check Details

Version: 0.0-10
Check: for unstated dependencies in ‘demo’
Result: NOTE '::' or ':::' imports not declared from: ‘simsalapar’ ‘stabledist’ Flavors: r-devel-linux-x86_64-debian-clang, r-devel-linux-x86_64-debian-gcc, r-patched-linux-x86_64, r-release-linux-x86_64

These binaries (installable software) and packages are in development.
They may not be fully stable and should be used with caution. We make no claims about them.