Last updated on 2025-05-01 12:49:37 CEST.
Flavor | Version | Tinstall | Tcheck | Ttotal | Status | Flags |
---|---|---|---|---|---|---|
r-devel-linux-x86_64-debian-clang | 0.0-10 | 3.53 | 24.03 | 27.56 | NOTE | |
r-devel-linux-x86_64-debian-gcc | 0.0-10 | 2.83 | 19.41 | 22.24 | NOTE | |
r-devel-linux-x86_64-fedora-clang | 0.0-10 | 40.74 | OK | |||
r-devel-linux-x86_64-fedora-gcc | 0.0-10 | 39.39 | OK | |||
r-devel-windows-x86_64 | 0.0-10 | 7.00 | 55.00 | 62.00 | OK | |
r-patched-linux-x86_64 | 0.0-10 | 3.61 | 23.08 | 26.69 | NOTE | |
r-release-linux-x86_64 | NOTE | |||||
r-release-macos-arm64 | 0.0-10 | 24.00 | OK | |||
r-release-macos-x86_64 | 0.0-10 | 32.00 | OK | |||
r-release-windows-x86_64 | 0.0-10 | 10.00 | 58.00 | 68.00 | OK | |
r-oldrel-macos-arm64 | 0.0-10 | 25.00 | OK | |||
r-oldrel-macos-x86_64 | 0.0-10 | 27.00 | OK | |||
r-oldrel-windows-x86_64 | 0.0-10 | 7.00 | 55.00 | 62.00 | OK |
Version: 0.0-10
Check: for unstated dependencies in ‘demo’
Result: NOTE
'::' or ':::' imports not declared from:
‘simsalapar’ ‘stabledist’
Flavors: r-devel-linux-x86_64-debian-clang, r-devel-linux-x86_64-debian-gcc, r-patched-linux-x86_64, r-release-linux-x86_64
These binaries (installable software) and packages are in development.
They may not be fully stable and should be used with caution. We make no claims about them.