CRAN Package Check Results for Package qrng

Last updated on 2025-07-05 03:48:46 CEST.

Flavor Version Tinstall Tcheck Ttotal Status Flags
r-devel-linux-x86_64-debian-clang 0.0-10 3.50 24.36 27.86 NOTE
r-devel-linux-x86_64-debian-gcc 0.0-10 2.76 20.03 22.79 NOTE
r-devel-linux-x86_64-fedora-clang 0.0-10 41.21 OK
r-devel-linux-x86_64-fedora-gcc 0.0-10 39.82 OK
r-devel-windows-x86_64 0.0-10 8.00 49.00 57.00 OK
r-patched-linux-x86_64 0.0-10 3.36 22.99 26.35 NOTE
r-release-linux-x86_64 0.0-10 3.46 22.84 26.30 NOTE
r-release-macos-arm64 0.0-10 24.00 OK
r-release-macos-x86_64 0.0-10 32.00 OK
r-release-windows-x86_64 0.0-10 7.00 50.00 57.00 OK
r-oldrel-macos-arm64 0.0-10 25.00 OK
r-oldrel-macos-x86_64 0.0-10 27.00 OK
r-oldrel-windows-x86_64 0.0-10 8.00 58.00 66.00 OK

Check Details

Version: 0.0-10
Check: for unstated dependencies in ‘demo’
Result: NOTE '::' or ':::' imports not declared from: ‘simsalapar’ ‘stabledist’ Flavors: r-devel-linux-x86_64-debian-clang, r-devel-linux-x86_64-debian-gcc, r-patched-linux-x86_64, r-release-linux-x86_64

These binaries (installable software) and packages are in development.
They may not be fully stable and should be used with caution. We make no claims about them.