Last updated on 2025-02-23 01:51:50 CET.
Flavor | Version | Tinstall | Tcheck | Ttotal | Status | Flags |
---|---|---|---|---|---|---|
r-devel-linux-x86_64-debian-clang | 0.1.4 | 35.47 | 41.59 | 77.06 | OK | |
r-devel-linux-x86_64-debian-gcc | 0.1.4 | 25.36 | 33.55 | 58.91 | OK | |
r-devel-linux-x86_64-fedora-clang | 0.1.4 | 128.92 | WARN | |||
r-devel-linux-x86_64-fedora-gcc | 0.1.4 | 143.71 | OK | |||
r-devel-macos-arm64 | 0.1.4 | 65.00 | OK | |||
r-devel-macos-x86_64 | 0.1.4 | 105.00 | OK | |||
r-devel-windows-x86_64 | 0.1.4 | 100.00 | 99.00 | 199.00 | OK | |
r-patched-linux-x86_64 | 0.1.4 | 36.72 | 38.96 | 75.68 | NOTE | |
r-release-linux-x86_64 | 0.1.4 | 32.69 | 38.79 | 71.48 | NOTE | |
r-release-macos-arm64 | 0.1.4 | 45.00 | NOTE | |||
r-release-macos-x86_64 | 0.1.4 | 62.00 | NOTE | |||
r-release-windows-x86_64 | 0.1.4 | 102.00 | 99.00 | 201.00 | NOTE | |
r-oldrel-macos-arm64 | 0.1.4 | 73.00 | NOTE | |||
r-oldrel-macos-x86_64 | 0.1.4 | 143.00 | NOTE | |||
r-oldrel-windows-x86_64 | 0.1.4 | 126.00 | 116.00 | 242.00 | NOTE |
Version: 0.1.4
Check: whether package can be installed
Result: WARN
Found the following significant warnings:
./io/io_common.h:87:44: warning: identifier '_u8' preceded by whitespace in a literal operator declaration is deprecated [-Wdeprecated-literal-operator]
See ‘/data/gannet/ripley/R/packages/tests-clang/qs2.Rcheck/00install.out’ for details.
* used C++ compiler: ‘clang version 20.1.0-rc2’
Flavor: r-devel-linux-x86_64-fedora-clang
Version: 0.1.4
Check: for GNU extensions in Makefiles
Result: NOTE
GNU make is a SystemRequirements.
Flavors: r-patched-linux-x86_64, r-release-linux-x86_64, r-release-macos-arm64, r-release-macos-x86_64, r-release-windows-x86_64, r-oldrel-macos-arm64, r-oldrel-macos-x86_64, r-oldrel-windows-x86_64
Version: 0.1.4
Check: installed package size
Result: NOTE
installed size is 9.4Mb
sub-directories of 1Mb or more:
libs 9.2Mb
Flavors: r-release-macos-arm64, r-release-macos-x86_64, r-oldrel-macos-arm64, r-oldrel-macos-x86_64
These binaries (installable software) and packages are in development.
They may not be fully stable and should be used with caution. We make no claims about them.