CRAN Package Check Results for Package qst

Last updated on 2025-05-01 12:49:37 CEST.

Flavor Version Tinstall Tcheck Ttotal Status Flags
r-devel-linux-x86_64-debian-clang 0.1.2 5.48 42.55 48.03 NOTE
r-devel-linux-x86_64-debian-gcc 0.1.2 3.51 31.36 34.87 NOTE
r-devel-linux-x86_64-fedora-clang 0.1.2 73.41 OK
r-devel-linux-x86_64-fedora-gcc 0.1.2 69.71 OK
r-devel-windows-x86_64 0.1.2 5.00 58.00 63.00 OK
r-patched-linux-x86_64 0.1.2 5.23 38.46 43.69 OK
r-release-linux-x86_64 OK
r-release-macos-arm64 0.1.2 24.00 OK
r-release-macos-x86_64 0.1.2 44.00 OK
r-release-windows-x86_64 0.1.2 6.00 63.00 69.00 OK
r-oldrel-macos-arm64 0.1.2 25.00 NOTE
r-oldrel-macos-x86_64 0.1.2 36.00 NOTE
r-oldrel-windows-x86_64 0.1.2 9.00 64.00 73.00 NOTE

Check Details

Version: 0.1.2
Check: CRAN incoming feasibility
Result: NOTE Maintainer: ‘Magnus Thor Torfason <m@zulutime.net>’ No Authors@R field in DESCRIPTION. Please add one, modifying Authors@R: person(given = c("Magnus", "Thor"), family = "Torfason", role = c("aut", "cre"), email = "m@zulutime.net") as necessary. Flavors: r-devel-linux-x86_64-debian-clang, r-devel-linux-x86_64-debian-gcc

Version: 0.1.2
Check: LazyData
Result: NOTE 'LazyData' is specified without a 'data' directory Flavors: r-oldrel-macos-arm64, r-oldrel-macos-x86_64, r-oldrel-windows-x86_64

These binaries (installable software) and packages are in development.
They may not be fully stable and should be used with caution. We make no claims about them.