Last updated on 2025-07-05 03:48:46 CEST.
Flavor | Version | Tinstall | Tcheck | Ttotal | Status | Flags |
---|---|---|---|---|---|---|
r-devel-linux-x86_64-debian-clang | 1.70 | 76.79 | 326.56 | 403.35 | OK | |
r-devel-linux-x86_64-debian-gcc | 1.70 | 53.47 | 208.94 | 262.41 | OK | |
r-devel-linux-x86_64-fedora-clang | 1.70 | 648.41 | OK | |||
r-devel-linux-x86_64-fedora-gcc | 1.70 | 638.89 | OK | |||
r-devel-windows-x86_64 | 1.70 | 106.00 | 368.00 | 474.00 | OK | |
r-patched-linux-x86_64 | 1.70 | 80.81 | 307.01 | 387.82 | OK | |
r-release-linux-x86_64 | 1.70 | 68.78 | 313.46 | 382.24 | OK | |
r-release-macos-arm64 | 1.70 | 154.00 | OK | |||
r-release-macos-x86_64 | 1.70 | 323.00 | OK | |||
r-release-windows-x86_64 | 1.70 | 101.00 | 365.00 | 466.00 | OK | |
r-oldrel-macos-arm64 | 1.70 | 153.00 | NOTE | |||
r-oldrel-macos-x86_64 | 1.70 | 599.00 | NOTE | |||
r-oldrel-windows-x86_64 | 1.70 | 129.00 | 449.00 | 578.00 | NOTE |
Version: 1.70
Check: installed package size
Result: NOTE
installed size is 11.5Mb
sub-directories of 1Mb or more:
R 2.1Mb
contrib 3.7Mb
doc 3.0Mb
libs 1.3Mb
Flavors: r-oldrel-macos-arm64, r-oldrel-macos-x86_64, r-oldrel-windows-x86_64
These binaries (installable software) and packages are in development.
They may not be fully stable and should be used with caution. We make no claims about them.