Last updated on 2025-07-02 03:50:49 CEST.
Flavor | Version | Tinstall | Tcheck | Ttotal | Status | Flags |
---|---|---|---|---|---|---|
r-devel-linux-x86_64-debian-clang | 0.38 | 484.51 | 206.22 | 690.73 | OK | |
r-devel-linux-x86_64-debian-gcc | 0.38 | 373.89 | 138.35 | 512.24 | OK | |
r-devel-linux-x86_64-fedora-clang | 0.38 | 1350.92 | OK | |||
r-devel-linux-x86_64-fedora-gcc | 0.38 | 1302.51 | OK | |||
r-devel-windows-x86_64 | 0.38 | 576.00 | 273.00 | 849.00 | OK | |
r-patched-linux-x86_64 | OK | |||||
r-release-linux-x86_64 | 0.38 | 521.30 | 203.03 | 724.33 | OK | |
r-release-macos-arm64 | 0.38 | 271.00 | OK | |||
r-release-macos-x86_64 | 0.38 | 335.00 | OK | |||
r-release-windows-x86_64 | 0.38 | 579.00 | 273.00 | 852.00 | OK | |
r-oldrel-macos-arm64 | 0.38 | 256.00 | NOTE | |||
r-oldrel-macos-x86_64 | 0.38 | 329.00 | NOTE | |||
r-oldrel-windows-x86_64 | 0.38 | 658.00 | 342.00 | 1000.00 | NOTE |
Version: 0.38
Check: installed package size
Result: NOTE
installed size is 48.4Mb
sub-directories of 1Mb or more:
extdata 3.3Mb
libs 43.7Mb
Flavors: r-oldrel-macos-arm64, r-oldrel-macos-x86_64, r-oldrel-windows-x86_64
These binaries (installable software) and packages are in development.
They may not be fully stable and should be used with caution. We make no claims about them.