Last updated on 2025-05-02 06:49:43 CEST.
Flavor | Version | Tinstall | Tcheck | Ttotal | Status | Flags |
---|---|---|---|---|---|---|
r-devel-linux-x86_64-debian-clang | 1.0 | 3.99 | 35.73 | 39.72 | NOTE | |
r-devel-linux-x86_64-debian-gcc | 1.0 | 3.19 | 28.44 | 31.63 | NOTE | |
r-devel-linux-x86_64-fedora-clang | 1.0 | 67.43 | OK | |||
r-devel-linux-x86_64-fedora-gcc | 1.0 | 64.31 | OK | |||
r-devel-windows-x86_64 | 1.0 | 7.00 | 71.00 | 78.00 | OK | |
r-patched-linux-x86_64 | 1.0 | 4.34 | 34.73 | 39.07 | OK | |
r-release-linux-x86_64 | OK | |||||
r-release-macos-arm64 | 1.0 | 29.00 | OK | |||
r-release-macos-x86_64 | 1.0 | 51.00 | OK | |||
r-release-windows-x86_64 | 1.0 | 8.00 | 58.00 | 66.00 | OK | |
r-oldrel-macos-arm64 | 1.0 | 29.00 | OK | |||
r-oldrel-macos-x86_64 | 1.0 | 45.00 | OK | |||
r-oldrel-windows-x86_64 | 1.0 | 7.00 | 62.00 | 69.00 | OK |
Version: 1.0
Check: CRAN incoming feasibility
Result: NOTE
Maintainer: ‘Ivan D. Pavicevic <ivanp84@gmail.com>’
No Authors@R field in DESCRIPTION.
Please add one, modifying
Authors@R: person(given = c("Ivan", "D."),
family = "Pavicevic",
role = c("aut", "cre"),
email = "ivanp84@gmail.com")
as necessary.
Flavors: r-devel-linux-x86_64-debian-clang, r-devel-linux-x86_64-debian-gcc
These binaries (installable software) and packages are in development.
They may not be fully stable and should be used with caution. We make no claims about them.