Last updated on 2025-10-23 21:51:37 CEST.
Flavor | Version | Tinstall | Tcheck | Ttotal | Status | Flags |
---|---|---|---|---|---|---|
r-devel-linux-x86_64-debian-clang | 0.18 | 3.87 | 42.48 | 46.35 | NOTE | |
r-devel-linux-x86_64-debian-gcc | 0.18 | 2.78 | 31.89 | 34.67 | OK | |
r-devel-linux-x86_64-fedora-clang | 0.18 | 13.00 | 54.20 | 67.20 | OK | |
r-devel-linux-x86_64-fedora-gcc | 0.18 | 63.75 | OK | |||
r-devel-windows-x86_64 | 0.18 | 16.00 | 61.00 | 77.00 | OK | |
r-patched-linux-x86_64 | 0.18 | 4.18 | 37.81 | 41.99 | OK | |
r-release-linux-x86_64 | 0.18 | 3.73 | 37.39 | 41.12 | OK | |
r-release-macos-arm64 | 0.18 | 4.00 | 22.00 | 26.00 | OK | |
r-release-macos-x86_64 | 0.18 | 6.00 | 29.00 | 35.00 | OK | |
r-release-windows-x86_64 | 0.18 | 17.00 | 61.00 | 78.00 | OK | |
r-oldrel-macos-arm64 | 0.18 | 3.00 | 24.00 | 27.00 | OK | |
r-oldrel-macos-x86_64 | 0.18 | 6.00 | 42.00 | 48.00 | OK | |
r-oldrel-windows-x86_64 | 0.18 | 18.00 | 70.00 | 88.00 | OK |
Version: 0.18
Check: HTML version of manual
Result: NOTE
Found the following HTML validation problems:
qtlcharts-shiny.html:120:1 (qtlcharts-shiny.Rd:106): Warning: missing </ul> before </div>
Flavor: r-devel-linux-x86_64-debian-clang
These binaries (installable software) and packages are in development.
They may not be fully stable and should be used with caution. We make no claims about them.