Last updated on 2025-05-22 06:51:54 CEST.
Flavor | Version | Tinstall | Tcheck | Ttotal | Status | Flags |
---|---|---|---|---|---|---|
r-devel-linux-x86_64-debian-clang | 1.0.4 | 8.56 | 64.52 | 73.08 | NOTE | |
r-devel-linux-x86_64-debian-gcc | 1.0.4 | 5.42 | 44.91 | 50.33 | NOTE | |
r-devel-linux-x86_64-fedora-clang | 1.0.4 | 114.10 | OK | |||
r-devel-linux-x86_64-fedora-gcc | 1.0.4 | 129.71 | OK | |||
r-devel-windows-x86_64 | 1.0.4 | 10.00 | 130.00 | 140.00 | OK | |
r-patched-linux-x86_64 | 1.0.4 | 8.38 | 60.63 | 69.01 | OK | |
r-release-linux-x86_64 | 1.0.4 | 8.51 | 60.16 | 68.67 | OK | |
r-release-macos-arm64 | 1.0.4 | 48.00 | OK | |||
r-release-macos-x86_64 | 1.0.4 | 104.00 | OK | |||
r-release-windows-x86_64 | 1.0.4 | 11.00 | 155.00 | 166.00 | OK | |
r-oldrel-macos-arm64 | 1.0.4 | 40.00 | OK | |||
r-oldrel-macos-x86_64 | 1.0.4 | 82.00 | OK | |||
r-oldrel-windows-x86_64 | 1.0.4 | 10.00 | 108.00 | 118.00 | OK |
Version: 1.0.4
Check: CRAN incoming feasibility
Result: NOTE
Maintainer: ‘Brian S. Yandell <brian.yandell@wisc.edu>’
No Authors@R field in DESCRIPTION.
Please add one, modifying
Authors@R: c(person(given = c("Elias", "Chaibub"),
family = "Neto",
role = "aut",
email = "echaibub@hotmail.com"),
person(given = c("Brian", "S"),
family = "Yandell",
role = "aut",
email = "brian.yandell@wisc.edu"),
person(given = c("Brian", "S."),
family = "Yandell",
role = "cre",
email = "brian.yandell@wisc.edu"))
as necessary.
Flavors: r-devel-linux-x86_64-debian-clang, r-devel-linux-x86_64-debian-gcc
These binaries (installable software) and packages are in development.
They may not be fully stable and should be used with caution. We make no claims about them.