Last updated on 2025-11-12 23:50:55 CET.
| Flavor | Version | Tinstall | Tcheck | Ttotal | Status | Flags |
|---|---|---|---|---|---|---|
| r-devel-linux-x86_64-debian-clang | 0.0-2 | 1.74 | 21.22 | 22.96 | NOTE | |
| r-devel-linux-x86_64-debian-gcc | 0.0-4 | 1.48 | 17.50 | 18.98 | OK | |
| r-devel-linux-x86_64-fedora-clang | 0.0-4 | 11.00 | 24.03 | 35.03 | OK | |
| r-devel-linux-x86_64-fedora-gcc | 0.0-4 | 33.87 | OK | |||
| r-devel-windows-x86_64 | 0.0-2 | 3.00 | 41.00 | 44.00 | NOTE | |
| r-patched-linux-x86_64 | 0.0-4 | 1.86 | 19.56 | 21.42 | OK | |
| r-release-linux-x86_64 | 0.0-2 | 1.74 | 20.04 | 21.78 | OK | |
| r-release-macos-arm64 | 0.0-4 | 1.00 | 15.00 | 16.00 | OK | |
| r-release-macos-x86_64 | 0.0-4 | 2.00 | 49.00 | 51.00 | OK | |
| r-release-windows-x86_64 | 0.0-4 | 4.00 | 41.00 | 45.00 | OK | |
| r-oldrel-macos-arm64 | 0.0-4 | 1.00 | 21.00 | 22.00 | OK | |
| r-oldrel-macos-x86_64 | 0.0-4 | 2.00 | 43.00 | 45.00 | OK | |
| r-oldrel-windows-x86_64 | 0.0-4 | 4.00 | 44.00 | 48.00 | OK |
Version: 0.0-2
Check: Rd files
Result: NOTE
checkRd: (-1) quad.form.Rd:81-114: Only 4 columns allowed in this table (row 1 has 1)
Flavors: r-devel-linux-x86_64-debian-clang, r-devel-windows-x86_64
These binaries (installable software) and packages are in development.
They may not be fully stable and should be used with caution. We make no claims about them.