Last updated on 2025-05-01 14:49:19 CEST.
Flavor | Version | Tinstall | Tcheck | Ttotal | Status | Flags |
---|---|---|---|---|---|---|
r-devel-linux-x86_64-debian-clang | 0.5.5 | 31.90 | 300.10 | 332.00 | NOTE | |
r-devel-linux-x86_64-debian-gcc | 0.5.5 | 19.05 | 188.60 | 207.65 | OK | |
r-devel-linux-x86_64-fedora-clang | 0.5.5 | 509.84 | OK | |||
r-devel-linux-x86_64-fedora-gcc | 0.5.5 | 510.38 | OK | |||
r-devel-windows-x86_64 | 0.5.5 | 28.00 | 241.00 | 269.00 | OK | |
r-patched-linux-x86_64 | 0.5.5 | 29.30 | 280.84 | 310.14 | OK | |
r-release-linux-x86_64 | OK | |||||
r-release-macos-arm64 | 0.5.5 | 126.00 | OK | |||
r-release-macos-x86_64 | 0.5.5 | 244.00 | OK | |||
r-release-windows-x86_64 | 0.5.5 | 29.00 | 244.00 | 273.00 | OK | |
r-oldrel-macos-arm64 | 0.5.5 | 113.00 | OK | |||
r-oldrel-macos-x86_64 | 0.5.5 | 183.00 | OK | |||
r-oldrel-windows-x86_64 | 0.5.5 | 36.00 | 325.00 | 361.00 | OK |
Version: 0.5.5
Check: examples
Result: NOTE
Examples with CPU (user + system) or elapsed time > 5s
user system elapsed
mesh_plot 3.623 0.169 5.238
Flavor: r-devel-linux-x86_64-debian-clang
These binaries (installable software) and packages are in development.
They may not be fully stable and should be used with caution. We make no claims about them.