Last updated on 2025-07-02 01:51:47 CEST.
Flavor | Version | Tinstall | Tcheck | Ttotal | Status | Flags |
---|---|---|---|---|---|---|
r-devel-linux-x86_64-debian-clang | 0.2-12 | 91.60 | 145.49 | 237.09 | OK | |
r-devel-linux-x86_64-debian-gcc | 0.2-12 | 68.30 | 102.28 | 170.58 | OK | |
r-devel-linux-x86_64-fedora-clang | 0.2-12 | 404.78 | OK | |||
r-devel-linux-x86_64-fedora-gcc | 0.2-12 | 398.87 | OK | |||
r-devel-windows-x86_64 | 0.2-12 | 103.00 | 176.00 | 279.00 | OK | |
r-patched-linux-x86_64 | OK | |||||
r-release-linux-x86_64 | 0.2-12 | 94.44 | 142.87 | 237.31 | OK | |
r-release-macos-arm64 | 0.2-12 | 96.00 | OK | |||
r-release-macos-x86_64 | 0.2-12 | 180.00 | OK | |||
r-release-windows-x86_64 | 0.2-12 | 102.00 | 184.00 | 286.00 | OK | |
r-oldrel-macos-arm64 | 0.2-12 | 114.00 | NOTE | |||
r-oldrel-macos-x86_64 | 0.2-12 | 205.00 | NOTE | |||
r-oldrel-windows-x86_64 | 0.2-12 | 120.00 | 231.00 | 351.00 | OK |
Version: 0.2-12
Check: installed package size
Result: NOTE
installed size is 7.9Mb
sub-directories of 1Mb or more:
libs 7.4Mb
Flavors: r-oldrel-macos-arm64, r-oldrel-macos-x86_64
These binaries (installable software) and packages are in development.
They may not be fully stable and should be used with caution. We make no claims about them.