Last updated on 2025-07-02 03:50:49 CEST.
Flavor | Version | Tinstall | Tcheck | Ttotal | Status | Flags |
---|---|---|---|---|---|---|
r-devel-linux-x86_64-debian-clang | 0.4.4 | 18.46 | 37.95 | 56.41 | NOTE | |
r-devel-linux-x86_64-debian-gcc | 0.4.4 | 13.18 | 29.70 | 42.88 | NOTE | |
r-devel-linux-x86_64-fedora-clang | 0.4.4 | 103.08 | NOTE | |||
r-devel-linux-x86_64-fedora-gcc | 0.4.4 | 104.31 | NOTE | |||
r-devel-windows-x86_64 | 0.4.4 | 25.00 | 77.00 | 102.00 | NOTE | |
r-patched-linux-x86_64 | NOTE | |||||
r-release-linux-x86_64 | 0.4.4 | 19.32 | 35.42 | 54.74 | NOTE | |
r-release-macos-arm64 | 0.4.4 | 48.00 | NOTE | |||
r-release-macos-x86_64 | 0.4.4 | 64.00 | NOTE | |||
r-release-windows-x86_64 | 0.4.4 | 24.00 | 77.00 | 101.00 | NOTE | |
r-oldrel-macos-arm64 | 0.4.4 | 37.00 | NOTE | |||
r-oldrel-macos-x86_64 | 0.4.4 | 51.00 | NOTE | |||
r-oldrel-windows-x86_64 | 0.4.4 | 26.00 | 88.00 | 114.00 | NOTE |
Version: 0.4.4
Check: Rd files
Result: NOTE
checkRd: (-1) qualpal.Rd:22-28: Lost braces in \itemize; meant \describe ?
checkRd: (-1) qualpal.Rd:30-50: Lost braces in \itemize; meant \describe ?
Flavors: r-devel-linux-x86_64-debian-clang, r-devel-linux-x86_64-debian-gcc, r-devel-linux-x86_64-fedora-clang, r-devel-linux-x86_64-fedora-gcc, r-devel-windows-x86_64, r-patched-linux-x86_64, r-release-linux-x86_64, r-release-macos-arm64, r-release-macos-x86_64, r-release-windows-x86_64, r-oldrel-macos-arm64, r-oldrel-macos-x86_64, r-oldrel-windows-x86_64
These binaries (installable software) and packages are in development.
They may not be fully stable and should be used with caution. We make no claims about them.