Last updated on 2025-02-16 08:50:57 CET.
Flavor | Version | Tinstall | Tcheck | Ttotal | Status | Flags |
---|---|---|---|---|---|---|
r-devel-linux-x86_64-debian-clang | 0.4.4 | 18.43 | 35.79 | 54.22 | NOTE | |
r-devel-linux-x86_64-debian-gcc | 0.4.4 | 13.87 | 28.04 | 41.91 | NOTE | |
r-devel-linux-x86_64-fedora-clang | 0.4.4 | 103.40 | NOTE | |||
r-devel-linux-x86_64-fedora-gcc | 0.4.4 | 110.78 | NOTE | |||
r-devel-macos-arm64 | 0.4.4 | 36.00 | NOTE | |||
r-devel-macos-x86_64 | 0.4.4 | 76.00 | NOTE | |||
r-devel-windows-x86_64 | 0.4.4 | 23.00 | 78.00 | 101.00 | NOTE | |
r-patched-linux-x86_64 | 0.4.4 | 18.29 | 34.32 | 52.61 | NOTE | |
r-release-linux-x86_64 | 0.4.4 | 16.89 | 34.31 | 51.20 | NOTE | |
r-release-macos-arm64 | 0.4.4 | 37.00 | NOTE | |||
r-release-macos-x86_64 | 0.4.4 | 51.00 | NOTE | |||
r-release-windows-x86_64 | 0.4.4 | 23.00 | 77.00 | 100.00 | NOTE | |
r-oldrel-macos-arm64 | 0.4.4 | 43.00 | OK | |||
r-oldrel-macos-x86_64 | 0.4.4 | 83.00 | OK | |||
r-oldrel-windows-x86_64 | 0.4.4 | 29.00 | 85.00 | 114.00 | OK |
Version: 0.4.4
Check: Rd files
Result: NOTE
checkRd: (-1) qualpal.Rd:22-28: Lost braces in \itemize; meant \describe ?
checkRd: (-1) qualpal.Rd:30-50: Lost braces in \itemize; meant \describe ?
Flavors: r-devel-linux-x86_64-debian-clang, r-devel-linux-x86_64-debian-gcc, r-devel-linux-x86_64-fedora-clang, r-devel-linux-x86_64-fedora-gcc, r-devel-macos-arm64, r-devel-macos-x86_64, r-devel-windows-x86_64, r-patched-linux-x86_64, r-release-linux-x86_64, r-release-macos-arm64, r-release-macos-x86_64, r-release-windows-x86_64
These binaries (installable software) and packages are in development.
They may not be fully stable and should be used with caution. We make no claims about them.