Last updated on 2025-02-16 08:50:57 CET.
Flavor | Version | Tinstall | Tcheck | Ttotal | Status | Flags |
---|---|---|---|---|---|---|
r-devel-linux-x86_64-debian-clang | 1.2.2 | 1.91 | 54.07 | 55.98 | NOTE | |
r-devel-linux-x86_64-debian-gcc | 1.2.2 | 1.72 | 37.29 | 39.01 | NOTE | |
r-devel-linux-x86_64-fedora-clang | 1.2.2 | 98.00 | NOTE | |||
r-devel-linux-x86_64-fedora-gcc | 1.2.2 | 101.07 | NOTE | |||
r-devel-macos-arm64 | 1.2.2 | 36.00 | NOTE | |||
r-devel-macos-x86_64 | 1.2.2 | 67.00 | NOTE | |||
r-devel-windows-x86_64 | 1.2.2 | 4.00 | 69.00 | 73.00 | NOTE | |
r-patched-linux-x86_64 | 1.2.2 | 2.24 | 50.72 | 52.96 | NOTE | |
r-release-linux-x86_64 | 1.2.2 | 1.87 | 50.35 | 52.22 | NOTE | |
r-release-macos-arm64 | 1.2.2 | 30.00 | NOTE | |||
r-release-macos-x86_64 | 1.2.2 | 49.00 | NOTE | |||
r-release-windows-x86_64 | 1.2.2 | 4.00 | 69.00 | 73.00 | NOTE | |
r-oldrel-macos-arm64 | 1.2.2 | 36.00 | OK | |||
r-oldrel-macos-x86_64 | 1.2.2 | 56.00 | OK | |||
r-oldrel-windows-x86_64 | 1.2.2 | 4.00 | 78.00 | 82.00 | OK |
Version: 1.2.2
Check: Rd files
Result: NOTE
checkRd: (-1) cqs.Rd:30-31: Lost braces in \itemize; \value handles \item{}{} directly
checkRd: (-1) cqs.Rd:33-35: Lost braces in \itemize; \value handles \item{}{} directly
checkRd: (-1) cqs.Rd:37-45: Lost braces in \itemize; \value handles \item{}{} directly
checkRd: (-1) llqr.Rd:35-36: Lost braces in \itemize; \value handles \item{}{} directly
checkRd: (-1) llqr.Rd:38-41: Lost braces in \itemize; \value handles \item{}{} directly
Flavors: r-devel-linux-x86_64-debian-clang, r-devel-linux-x86_64-debian-gcc, r-devel-linux-x86_64-fedora-clang, r-devel-linux-x86_64-fedora-gcc, r-devel-macos-arm64, r-devel-macos-x86_64, r-devel-windows-x86_64, r-patched-linux-x86_64, r-release-linux-x86_64, r-release-macos-arm64, r-release-macos-x86_64, r-release-windows-x86_64
These binaries (installable software) and packages are in development.
They may not be fully stable and should be used with caution. We make no claims about them.