Last updated on 2025-07-05 19:50:42 CEST.
Flavor | Version | Tinstall | Tcheck | Ttotal | Status | Flags |
---|---|---|---|---|---|---|
r-devel-linux-x86_64-debian-clang | 4.3.0 | 161.59 | 267.80 | 429.39 | OK | |
r-devel-linux-x86_64-debian-gcc | 4.3.0 | 122.77 | 184.03 | 306.80 | OK | |
r-devel-linux-x86_64-fedora-clang | 4.3.0 | 738.38 | OK | |||
r-devel-linux-x86_64-fedora-gcc | 4.3.0 | 731.22 | OK | |||
r-devel-windows-x86_64 | 4.3.0 | 209.00 | 303.00 | 512.00 | OK | |
r-patched-linux-x86_64 | 4.3.0 | 178.93 | 254.76 | 433.69 | OK | |
r-release-linux-x86_64 | 4.3.0 | 173.00 | 255.44 | 428.44 | OK | |
r-release-macos-arm64 | 4.3.0 | 188.00 | OK | |||
r-release-macos-x86_64 | 4.3.0 | 324.00 | OK | |||
r-release-windows-x86_64 | 4.3.0 | 218.00 | 307.00 | 525.00 | OK | |
r-oldrel-macos-arm64 | 4.3.0 | 182.00 | NOTE | |||
r-oldrel-macos-x86_64 | 4.3.0 | 386.00 | NOTE | |||
r-oldrel-windows-x86_64 | 4.3.0 | 250.00 | 397.00 | 647.00 | OK |
Version: 4.3.0
Check: installed package size
Result: NOTE
installed size is 9.3Mb
sub-directories of 1Mb or more:
libs 6.8Mb
Flavors: r-oldrel-macos-arm64, r-oldrel-macos-x86_64
These binaries (installable software) and packages are in development.
They may not be fully stable and should be used with caution. We make no claims about them.