CRAN Package Check Results for Package quanteda

Last updated on 2025-05-01 08:52:42 CEST.

Flavor Version Tinstall Tcheck Ttotal Status Flags
r-devel-linux-x86_64-debian-clang 4.2.0 156.67 263.16 419.83 NOTE
r-devel-linux-x86_64-debian-gcc 4.2.0 126.84 189.02 315.86 NOTE
r-devel-linux-x86_64-fedora-clang 4.2.0 722.81 NOTE
r-devel-linux-x86_64-fedora-gcc 4.2.0 751.42 NOTE
r-devel-windows-x86_64 4.2.0 219.00 321.00 540.00 NOTE
r-patched-linux-x86_64 4.2.0 176.30 253.71 430.01 NOTE
r-release-linux-x86_64 NOTE
r-release-macos-arm64 4.2.0 182.00 NOTE
r-release-macos-x86_64 4.2.0 307.00 NOTE
r-release-windows-x86_64 4.2.0 223.00 322.00 545.00 NOTE
r-oldrel-macos-arm64 4.2.0 179.00 NOTE
r-oldrel-macos-x86_64 4.2.0 350.00 NOTE
r-oldrel-windows-x86_64 4.2.0 240.00 374.00 614.00 OK

Additional issues

clang-UBSAN

Check Details

Version: 4.2.0
Check: DESCRIPTION meta-information
Result: NOTE Missing dependency on R >= 4.1.0 because package code uses the pipe |> or function shorthand \(...) syntax added in R 4.1.0. File(s) using such syntax: ‘char_select.R’ ‘char_select.Rd’ ‘convert-wrappers.Rd’ ‘convert.Rd’ ‘corpus-addsummary-metadata.R’ ‘corpus_sample.Rd’ ‘dfm.Rd’ ‘dfm_select.Rd’ ‘dfm_tfidf.Rd’ ‘dictionary.Rd’ ‘docfreq.Rd’ ‘docnames.Rd’ ‘index.Rd’ ‘nsentence.Rd’ ‘tokens_compound.Rd’ ‘tokens_replace.Rd’ ‘tokens_sample.Rd’ ‘tokens_split.Rd’ ‘topfeatures.Rd’ Flavors: r-devel-linux-x86_64-debian-clang, r-devel-linux-x86_64-debian-gcc, r-devel-linux-x86_64-fedora-clang, r-devel-linux-x86_64-fedora-gcc, r-devel-windows-x86_64, r-patched-linux-x86_64, r-release-linux-x86_64, r-release-macos-arm64, r-release-macos-x86_64, r-release-windows-x86_64

Version: 4.2.0
Check: installed package size
Result: NOTE installed size is 9.2Mb sub-directories of 1Mb or more: libs 6.8Mb Flavors: r-oldrel-macos-arm64, r-oldrel-macos-x86_64

These binaries (installable software) and packages are in development.
They may not be fully stable and should be used with caution. We make no claims about them.