Last updated on 2025-11-11 15:50:44 CET.
| Flavor | Version | Tinstall | Tcheck | Ttotal | Status | Flags |
|---|---|---|---|---|---|---|
| r-devel-linux-x86_64-debian-clang | 0.9.10 | 56.35 | 214.59 | 270.94 | OK | |
| r-devel-linux-x86_64-debian-gcc | 0.9.10 | 37.87 | 162.91 | 200.78 | OK | |
| r-devel-linux-x86_64-fedora-clang | 0.9.10 | 86.00 | 345.67 | 431.67 | OK | |
| r-devel-linux-x86_64-fedora-gcc | 0.9.10 | 87.00 | 406.55 | 493.55 | OK | |
| r-devel-windows-x86_64 | 0.9.10 | 63.00 | 256.00 | 319.00 | OK | |
| r-patched-linux-x86_64 | 0.9.10 | 60.26 | 207.78 | 268.04 | OK | |
| r-release-linux-x86_64 | 0.9.10 | 57.10 | 213.70 | 270.80 | OK | |
| r-release-macos-arm64 | 0.9.10 | 24.00 | 176.00 | 200.00 | OK | |
| r-release-macos-x86_64 | 0.9.10 | 34.00 | 437.00 | 471.00 | OK | |
| r-release-windows-x86_64 | 0.9.10 | 62.00 | 256.00 | 318.00 | OK | |
| r-oldrel-macos-arm64 | 0.9.10 | 21.00 | 136.00 | 157.00 | NOTE | |
| r-oldrel-macos-x86_64 | 0.9.10 | 38.00 | 306.00 | 344.00 | NOTE | |
| r-oldrel-windows-x86_64 | 0.9.10 | 76.00 | 330.00 | 406.00 | NOTE |
Version: 0.9.10
Check: installed package size
Result: NOTE
installed size is 7.6Mb
sub-directories of 1Mb or more:
data 3.8Mb
libs 3.4Mb
Flavors: r-oldrel-macos-arm64, r-oldrel-macos-x86_64, r-oldrel-windows-x86_64
These binaries (installable software) and packages are in development.
They may not be fully stable and should be used with caution. We make no claims about them.