Last updated on 2025-02-16 08:50:57 CET.
Flavor | Version | Tinstall | Tcheck | Ttotal | Status | Flags |
---|---|---|---|---|---|---|
r-devel-linux-x86_64-debian-clang | 0.9.10 | 57.76 | 211.75 | 269.51 | OK | |
r-devel-linux-x86_64-debian-gcc | 0.9.10 | 40.56 | 161.47 | 202.03 | OK | |
r-devel-linux-x86_64-fedora-clang | 0.9.10 | 465.28 | OK | |||
r-devel-linux-x86_64-fedora-gcc | 0.9.10 | 518.45 | OK | |||
r-devel-macos-arm64 | 0.9.10 | 135.00 | OK | |||
r-devel-macos-x86_64 | 0.9.10 | 318.00 | OK | |||
r-devel-windows-x86_64 | 0.9.10 | 59.00 | 256.00 | 315.00 | OK | |
r-patched-linux-x86_64 | 0.9.10 | 57.94 | 205.92 | 263.86 | OK | |
r-release-linux-x86_64 | 0.9.10 | 53.65 | 206.01 | 259.66 | OK | |
r-release-macos-arm64 | 0.9.10 | 157.00 | NOTE | |||
r-release-macos-x86_64 | 0.9.10 | 344.00 | NOTE | |||
r-release-windows-x86_64 | 0.9.10 | 52.00 | 262.00 | 314.00 | NOTE | |
r-oldrel-macos-arm64 | 0.9.9 | 221.00 | NOTE | |||
r-oldrel-macos-x86_64 | 0.9.10 | 393.00 | NOTE | |||
r-oldrel-windows-x86_64 | 0.9.10 | 69.00 | 301.00 | 370.00 | NOTE |
Version: 0.9.10
Check: installed package size
Result: NOTE
installed size is 7.6Mb
sub-directories of 1Mb or more:
data 3.8Mb
libs 3.4Mb
Flavors: r-release-macos-arm64, r-release-macos-x86_64, r-release-windows-x86_64, r-oldrel-macos-x86_64, r-oldrel-windows-x86_64
Version: 0.9.9
Check: installed package size
Result: NOTE
installed size is 7.6Mb
sub-directories of 1Mb or more:
data 3.8Mb
libs 3.4Mb
Flavor: r-oldrel-macos-arm64
These binaries (installable software) and packages are in development.
They may not be fully stable and should be used with caution. We make no claims about them.