Last updated on 2025-05-01 08:52:42 CEST.
Flavor | Version | Tinstall | Tcheck | Ttotal | Status | Flags |
---|---|---|---|---|---|---|
r-devel-linux-x86_64-debian-clang | 0.97.2 | 62.37 | 139.85 | 202.22 | NOTE | |
r-devel-linux-x86_64-debian-gcc | 0.97.2 | 46.04 | 99.03 | 145.07 | OK | |
r-devel-linux-x86_64-fedora-clang | 0.97.2 | 358.74 | OK | |||
r-devel-linux-x86_64-fedora-gcc | 0.97.2 | 348.61 | OK | |||
r-devel-windows-x86_64 | 0.97.2 | 58.00 | 170.00 | 228.00 | OK | |
r-patched-linux-x86_64 | 0.97.2 | 61.71 | 130.52 | 192.23 | OK | |
r-release-linux-x86_64 | OK | |||||
r-release-macos-arm64 | 0.97.2 | 85.00 | OK | |||
r-release-macos-x86_64 | 0.97.2 | 156.00 | OK | |||
r-release-windows-x86_64 | 0.97.2 | 58.00 | 177.00 | 235.00 | OK | |
r-oldrel-macos-arm64 | 0.97.2 | 84.00 | OK | |||
r-oldrel-macos-x86_64 | 0.97.2 | 183.00 | OK | |||
r-oldrel-windows-x86_64 | 0.97.2 | 66.00 | 214.00 | 280.00 | OK |
Version: 0.97.2
Check: examples
Result: NOTE
Examples with CPU (user + system) or elapsed time > 5s
user system elapsed
textstat_lexdiv 4.534 0.161 6.237
Flavor: r-devel-linux-x86_64-debian-clang
These binaries (installable software) and packages are in development.
They may not be fully stable and should be used with caution. We make no claims about them.