Last updated on 2025-11-11 15:50:44 CET.
| Flavor | Version | Tinstall | Tcheck | Ttotal | Status | Flags |
|---|---|---|---|---|---|---|
| r-devel-linux-x86_64-debian-clang | 0.1.0 | 2.23 | 50.52 | 52.75 | OK | |
| r-devel-linux-x86_64-debian-gcc | 0.1.0 | 1.82 | 35.88 | 37.70 | OK | |
| r-devel-linux-x86_64-fedora-clang | 0.1.0 | 82.38 | OK | |||
| r-devel-linux-x86_64-fedora-gcc | 0.1.0 | 79.11 | OK | |||
| r-devel-windows-x86_64 | 0.1.0 | 6.00 | 62.00 | 68.00 | OK | |
| r-patched-linux-x86_64 | 0.1.0 | 2.75 | 47.35 | 50.10 | OK | |
| r-release-linux-x86_64 | 0.1.0 | 2.75 | 48.34 | 51.09 | OK | |
| r-release-macos-arm64 | 0.1.0 | 2.00 | 24.00 | 26.00 | OK | |
| r-release-macos-x86_64 | 0.1.0 | 2.00 | 43.00 | 45.00 | OK | |
| r-release-windows-x86_64 | 0.1.0 | 4.00 | 61.00 | 65.00 | OK | |
| r-oldrel-macos-arm64 | 0.1.0 | 1.00 | 23.00 | 24.00 | NOTE | |
| r-oldrel-macos-x86_64 | 0.1.0 | 2.00 | 38.00 | 40.00 | NOTE | |
| r-oldrel-windows-x86_64 | 0.1.0 | 6.00 | 80.00 | 86.00 | NOTE |
Version: 0.1.0
Check: LazyData
Result: NOTE
'LazyData' is specified without a 'data' directory
Flavors: r-oldrel-macos-arm64, r-oldrel-macos-x86_64, r-oldrel-windows-x86_64
These binaries (installable software) and packages are in development.
They may not be fully stable and should be used with caution. We make no claims about them.