Last updated on 2025-05-08 04:52:15 CEST.
Flavor | Version | Tinstall | Tcheck | Ttotal | Status | Flags |
---|---|---|---|---|---|---|
r-devel-linux-x86_64-debian-clang | 0.1.0 | 2.29 | 46.22 | 48.51 | OK | |
r-devel-linux-x86_64-debian-gcc | 0.1.0 | 2.16 | 32.57 | 34.73 | OK | |
r-devel-linux-x86_64-fedora-clang | 0.1.0 | 77.10 | OK | |||
r-devel-linux-x86_64-fedora-gcc | 0.1.0 | 75.65 | OK | |||
r-devel-windows-x86_64 | 0.1.0 | 5.00 | 62.00 | 67.00 | OK | |
r-patched-linux-x86_64 | 0.1.0 | 2.82 | 44.49 | 47.31 | OK | |
r-release-linux-x86_64 | 0.1.0 | 2.67 | 44.21 | 46.88 | OK | |
r-release-macos-arm64 | 0.1.0 | 26.00 | OK | |||
r-release-macos-x86_64 | 0.1.0 | 45.00 | OK | |||
r-release-windows-x86_64 | 0.1.0 | 4.00 | 63.00 | 67.00 | OK | |
r-oldrel-macos-arm64 | 0.1.0 | 24.00 | NOTE | |||
r-oldrel-macos-x86_64 | 0.1.0 | 40.00 | NOTE | |||
r-oldrel-windows-x86_64 | 0.1.0 | 5.00 | 75.00 | 80.00 | NOTE |
Version: 0.1.0
Check: LazyData
Result: NOTE
'LazyData' is specified without a 'data' directory
Flavors: r-oldrel-macos-arm64, r-oldrel-macos-x86_64, r-oldrel-windows-x86_64
These binaries (installable software) and packages are in development.
They may not be fully stable and should be used with caution. We make no claims about them.