Last updated on 2025-02-16 12:53:48 CET.
Flavor | Version | Tinstall | Tcheck | Ttotal | Status | Flags |
---|---|---|---|---|---|---|
r-devel-linux-x86_64-debian-clang | 0.4.26 | 10.82 | 80.94 | 91.76 | NOTE | |
r-devel-linux-x86_64-debian-gcc | 0.4.26 | 10.02 | 51.69 | 61.71 | NOTE | |
r-devel-linux-x86_64-fedora-clang | 0.4.26 | 161.01 | OK | |||
r-devel-linux-x86_64-fedora-gcc | 0.4.26 | 146.95 | OK | |||
r-devel-macos-arm64 | 0.4.26 | 44.00 | OK | |||
r-devel-macos-x86_64 | 0.4.26 | 113.00 | OK | |||
r-devel-windows-x86_64 | 0.4.26 | 16.00 | 104.00 | 120.00 | OK | |
r-patched-linux-x86_64 | 0.4.26 | 15.50 | 74.46 | 89.96 | NOTE | |
r-release-linux-x86_64 | 0.4.26 | 12.80 | 74.35 | 87.15 | NOTE | |
r-release-macos-arm64 | 0.4.26 | 40.00 | OK | |||
r-release-macos-x86_64 | 0.4.26 | 100.00 | OK | |||
r-release-windows-x86_64 | 0.4.26 | 16.00 | 96.00 | 112.00 | OK | |
r-oldrel-macos-arm64 | 0.4.26 | 43.00 | OK | |||
r-oldrel-macos-x86_64 | 0.4.26 | 86.00 | OK | |||
r-oldrel-windows-x86_64 | 0.4.26 | 20.00 | 118.00 | 138.00 | OK |
Version: 0.4.26
Check: R code for possible problems
Result: NOTE
Found the following calls to attach():
File ‘quantmod/R/attachSymbols.R’:
attach(NULL, pos = pos, name = DB$name)
attach(NULL, pos = pos, name = DB$name)
See section ‘Good practice’ in ‘?attach’.
Flavors: r-devel-linux-x86_64-debian-clang, r-devel-linux-x86_64-debian-gcc, r-patched-linux-x86_64, r-release-linux-x86_64
These binaries (installable software) and packages are in development.
They may not be fully stable and should be used with caution. We make no claims about them.