Last updated on 2025-07-02 01:51:47 CEST.
Flavor | Version | Tinstall | Tcheck | Ttotal | Status | Flags |
---|---|---|---|---|---|---|
r-devel-linux-x86_64-debian-clang | 0.4.28 | 15.86 | 83.49 | 99.35 | NOTE | |
r-devel-linux-x86_64-debian-gcc | 0.4.28 | 10.13 | 55.77 | 65.90 | NOTE | |
r-devel-linux-x86_64-fedora-clang | 0.4.28 | 168.09 | OK | |||
r-devel-linux-x86_64-fedora-gcc | 0.4.28 | 148.61 | OK | |||
r-devel-windows-x86_64 | 0.4.28 | 17.00 | 100.00 | 117.00 | OK | |
r-patched-linux-x86_64 | NOTE | |||||
r-release-linux-x86_64 | 0.4.28 | 12.25 | 75.85 | 88.10 | NOTE | |
r-release-macos-arm64 | 0.4.28 | 39.00 | OK | |||
r-release-macos-x86_64 | 0.4.28 | 69.00 | OK | |||
r-release-windows-x86_64 | 0.4.28 | 18.00 | 101.00 | 119.00 | OK | |
r-oldrel-macos-arm64 | 0.4.28 | 41.00 | OK | |||
r-oldrel-macos-x86_64 | 0.4.28 | 81.00 | OK | |||
r-oldrel-windows-x86_64 | 0.4.28 | 22.00 | 123.00 | 145.00 | OK |
Version: 0.4.28
Check: R code for possible problems
Result: NOTE
Found the following calls to attach():
File ‘quantmod/R/attachSymbols.R’:
attach(NULL, pos = pos, name = DB$name)
attach(NULL, pos = pos, name = DB$name)
See section ‘Good practice’ in ‘?attach’.
Flavors: r-devel-linux-x86_64-debian-clang, r-devel-linux-x86_64-debian-gcc, r-patched-linux-x86_64, r-release-linux-x86_64
These binaries (installable software) and packages are in development.
They may not be fully stable and should be used with caution. We make no claims about them.