Last updated on 2025-02-07 08:51:32 CET.
Flavor | Version | Tinstall | Tcheck | Ttotal | Status | Flags |
---|---|---|---|---|---|---|
r-devel-linux-x86_64-debian-clang | 0.1.3 | 9.39 | 79.37 | 88.76 | OK | |
r-devel-linux-x86_64-debian-gcc | 0.1.3 | 6.68 | 56.85 | 63.53 | OK | |
r-devel-linux-x86_64-fedora-clang | 0.1.3 | 146.35 | OK | |||
r-devel-linux-x86_64-fedora-gcc | 0.1.3 | 133.83 | OK | |||
r-devel-windows-x86_64 | 0.1.3 | 10.00 | 91.00 | 101.00 | OK | |
r-patched-linux-x86_64 | 0.1.3 | 9.00 | 73.17 | 82.17 | NOTE | |
r-release-linux-x86_64 | 0.1.3 | 8.21 | 74.22 | 82.43 | NOTE | |
r-release-macos-arm64 | 0.1.3 | 37.00 | NOTE | |||
r-release-macos-x86_64 | 0.1.3 | 62.00 | NOTE | |||
r-release-windows-x86_64 | 0.1.3 | 10.00 | 90.00 | 100.00 | NOTE | |
r-oldrel-macos-arm64 | 0.1.3 | 43.00 | NOTE | |||
r-oldrel-macos-x86_64 | 0.1.3 | 71.00 | NOTE | |||
r-oldrel-windows-x86_64 | 0.1.3 | 12.00 | 107.00 | 119.00 | NOTE |
Version: 0.1.3
Check: LazyData
Result: NOTE
'LazyData' is specified without a 'data' directory
Flavors: r-patched-linux-x86_64, r-release-linux-x86_64, r-release-macos-arm64, r-release-macos-x86_64, r-release-windows-x86_64, r-oldrel-macos-arm64, r-oldrel-macos-x86_64, r-oldrel-windows-x86_64
These binaries (installable software) and packages are in development.
They may not be fully stable and should be used with caution. We make no claims about them.