Last updated on 2025-10-23 15:50:07 CEST.
Flavor | Version | Tinstall | Tcheck | Ttotal | Status | Flags |
---|---|---|---|---|---|---|
r-devel-linux-x86_64-debian-clang | 0.1.3 | 8.65 | 80.56 | 89.21 | NOTE | |
r-devel-linux-x86_64-debian-gcc | 0.1.3 | 6.30 | 58.37 | 64.67 | OK | |
r-devel-linux-x86_64-fedora-clang | 0.1.3 | 22.00 | 114.09 | 136.09 | OK | |
r-devel-linux-x86_64-fedora-gcc | 0.1.3 | 20.00 | 111.54 | 131.54 | OK | |
r-devel-windows-x86_64 | 0.1.3 | 9.00 | 89.00 | 98.00 | OK | |
r-patched-linux-x86_64 | 0.1.3 | 9.49 | 77.08 | 86.57 | OK | |
r-release-linux-x86_64 | 0.1.3 | 8.90 | 76.92 | 85.82 | OK | |
r-release-macos-arm64 | 0.1.3 | 4.00 | 35.00 | 39.00 | OK | |
r-release-macos-x86_64 | 0.1.3 | 10.00 | 81.00 | 91.00 | OK | |
r-release-windows-x86_64 | 0.1.3 | 10.00 | 91.00 | 101.00 | OK | |
r-oldrel-macos-arm64 | 0.1.3 | 4.00 | 33.00 | 37.00 | NOTE | |
r-oldrel-macos-x86_64 | 0.1.3 | 6.00 | 56.00 | 62.00 | NOTE | |
r-oldrel-windows-x86_64 | 0.1.3 | 13.00 | 111.00 | 124.00 | NOTE |
Version: 0.1.3
Check: HTML version of manual
Result: NOTE
Found the following HTML validation problems:
quant_est.html:75:1 (quant_est.Rd:25): Warning: missing </ul> before </div>
Flavor: r-devel-linux-x86_64-debian-clang
Version: 0.1.3
Check: LazyData
Result: NOTE
'LazyData' is specified without a 'data' directory
Flavors: r-oldrel-macos-arm64, r-oldrel-macos-x86_64, r-oldrel-windows-x86_64
These binaries (installable software) and packages are in development.
They may not be fully stable and should be used with caution. We make no claims about them.