Last updated on 2025-10-24 21:50:16 CEST.
| Flavor | Version | Tinstall | Tcheck | Ttotal | Status | Flags |
|---|---|---|---|---|---|---|
| r-devel-linux-x86_64-debian-clang | 1.0 | 10.27 | 84.14 | 94.41 | NOTE | |
| r-devel-linux-x86_64-debian-gcc | 1.0 | 8.90 | 62.09 | 70.99 | NOTE | |
| r-devel-linux-x86_64-fedora-clang | 1.0 | 24.00 | 120.47 | 144.47 | OK | |
| r-devel-linux-x86_64-fedora-gcc | 1.0 | 20.00 | 118.23 | 138.23 | OK | |
| r-devel-windows-x86_64 | 1.0 | 12.00 | 88.00 | 100.00 | OK | |
| r-patched-linux-x86_64 | 1.0 | 11.36 | 80.55 | 91.91 | OK | |
| r-release-linux-x86_64 | 1.0 | 9.54 | 80.56 | 90.10 | OK | |
| r-release-macos-arm64 | 1.0 | 5.00 | 42.00 | 47.00 | OK | |
| r-release-macos-x86_64 | 1.0 | 9.00 | 67.00 | 76.00 | OK | |
| r-release-windows-x86_64 | 1.0 | 12.00 | 90.00 | 102.00 | OK | |
| r-oldrel-macos-arm64 | 1.0 | 4.00 | 34.00 | 38.00 | OK | |
| r-oldrel-macos-x86_64 | 1.0 | 7.00 | 48.00 | 55.00 | OK | |
| r-oldrel-windows-x86_64 | 1.0 | 15.00 | 113.00 | 128.00 | OK |
Version: 1.0
Check: CRAN incoming feasibility
Result: NOTE
Maintainer: ‘Ivan Fernandez-Val <ivanf@bu.edu>’
No Authors@R field in DESCRIPTION.
Please add one, modifying
Authors@R: c(person(given = "Michael",
family = "Lipsitz",
role = "aut"),
person(given = "Alexandre",
family = "Belloni",
role = "aut"),
person(given = "Victor",
family = "Chernozhukov",
role = "aut"),
person(given = "Ivan",
family = "Fernandez-Val",
role = c("aut", "cre"),
email = "ivanf@bu.edu"))
as necessary.
Flavors: r-devel-linux-x86_64-debian-clang, r-devel-linux-x86_64-debian-gcc
These binaries (installable software) and packages are in development.
They may not be fully stable and should be used with caution. We make no claims about them.