Last updated on 2025-07-24 01:50:32 CEST.
Flavor | Version | Tinstall | Tcheck | Ttotal | Status | Flags |
---|---|---|---|---|---|---|
r-devel-linux-x86_64-debian-clang | 1.0 | 9.24 | 82.35 | 91.59 | NOTE | |
r-devel-linux-x86_64-debian-gcc | 1.0 | 7.49 | 60.69 | 68.18 | NOTE | |
r-devel-linux-x86_64-fedora-clang | 1.0 | 148.70 | OK | |||
r-devel-linux-x86_64-fedora-gcc | 1.0 | 137.59 | OK | |||
r-devel-windows-x86_64 | 1.0 | 12.00 | 89.00 | 101.00 | OK | |
r-patched-linux-x86_64 | 1.0 | 10.56 | 79.11 | 89.67 | OK | |
r-release-linux-x86_64 | 1.0 | 9.88 | 79.17 | 89.05 | OK | |
r-release-macos-arm64 | 1.0 | 47.00 | OK | |||
r-release-macos-x86_64 | 1.0 | 76.00 | OK | |||
r-release-windows-x86_64 | 1.0 | 12.00 | 92.00 | 104.00 | OK | |
r-oldrel-macos-arm64 | 1.0 | 38.00 | OK | |||
r-oldrel-macos-x86_64 | 1.0 | 55.00 | OK | |||
r-oldrel-windows-x86_64 | 1.0 | 16.00 | 116.00 | 132.00 | OK |
Version: 1.0
Check: CRAN incoming feasibility
Result: NOTE
Maintainer: ‘Ivan Fernandez-Val <ivanf@bu.edu>’
No Authors@R field in DESCRIPTION.
Please add one, modifying
Authors@R: c(person(given = "Michael",
family = "Lipsitz",
role = "aut"),
person(given = "Alexandre",
family = "Belloni",
role = "aut"),
person(given = "Victor",
family = "Chernozhukov",
role = "aut"),
person(given = "Ivan",
family = "Fernandez-Val",
role = c("aut", "cre"),
email = "ivanf@bu.edu"))
as necessary.
Flavors: r-devel-linux-x86_64-debian-clang, r-devel-linux-x86_64-debian-gcc
These binaries (installable software) and packages are in development.
They may not be fully stable and should be used with caution. We make no claims about them.