Last updated on 2025-05-08 04:52:15 CEST.
Flavor | Version | Tinstall | Tcheck | Ttotal | Status | Flags |
---|---|---|---|---|---|---|
r-devel-linux-x86_64-debian-clang | 1.7-1 | 13.50 | 97.43 | 110.93 | NOTE | |
r-devel-linux-x86_64-debian-gcc | 1.7-1 | 8.30 | 70.11 | 78.41 | NOTE | |
r-devel-linux-x86_64-fedora-clang | 1.7-1 | 170.39 | OK | |||
r-devel-linux-x86_64-fedora-gcc | 1.7-1 | 179.01 | OK | |||
r-devel-windows-x86_64 | 1.7-1 | 12.00 | 106.00 | 118.00 | NOTE | |
r-patched-linux-x86_64 | 1.7-1 | 13.03 | 92.67 | 105.70 | NOTE | |
r-release-linux-x86_64 | 1.7-1 | 12.75 | 91.70 | 104.45 | NOTE | |
r-release-macos-arm64 | 1.7-1 | 59.00 | OK | |||
r-release-macos-x86_64 | 1.7-1 | 133.00 | OK | |||
r-release-windows-x86_64 | 1.7-1 | 12.00 | 110.00 | 122.00 | NOTE | |
r-oldrel-macos-arm64 | 1.7-1 | 54.00 | OK | |||
r-oldrel-macos-x86_64 | 1.7-1 | 88.00 | OK | |||
r-oldrel-windows-x86_64 | 1.7-1 | 17.00 | 130.00 | 147.00 | OK |
Version: 1.7-1
Check: Rd cross-references
Result: NOTE
Found the following Rd file(s) with Rd \link{} targets missing package
anchors:
logLik.gcrq.Rd: logLik.rq
Please provide package anchors for all Rd \link{} targets not in the
package itself and the base packages.
Flavors: r-devel-linux-x86_64-debian-clang, r-devel-linux-x86_64-debian-gcc, r-devel-windows-x86_64, r-patched-linux-x86_64, r-release-linux-x86_64, r-release-windows-x86_64
These binaries (installable software) and packages are in development.
They may not be fully stable and should be used with caution. We make no claims about them.