Last updated on 2025-10-03 17:48:43 CEST.
Flavor | Version | Tinstall | Tcheck | Ttotal | Status | Flags |
---|---|---|---|---|---|---|
r-devel-linux-x86_64-debian-clang | 1.0 | 24.17 | 31.24 | 55.41 | OK | |
r-devel-linux-x86_64-debian-gcc | 1.0 | 16.24 | 24.85 | 41.09 | OK | |
r-devel-linux-x86_64-fedora-clang | 1.0 | 101.14 | OK | |||
r-devel-linux-x86_64-fedora-gcc | 1.0 | 89.50 | OK | |||
r-devel-windows-x86_64 | 1.0 | 31.00 | 64.00 | 95.00 | OK | |
r-patched-linux-x86_64 | 1.0 | 21.03 | 29.61 | 50.64 | OK | |
r-release-linux-x86_64 | 1.0 | 23.47 | 29.55 | 53.02 | OK | |
r-release-macos-arm64 | 1.0 | 32.00 | OK | |||
r-release-macos-x86_64 | 1.0 | 39.00 | OK | |||
r-release-windows-x86_64 | 1.0 | 32.00 | 66.00 | 98.00 | OK | |
r-oldrel-macos-arm64 | 1.0 | 30.00 | NOTE | |||
r-oldrel-macos-x86_64 | 1.0 | 36.00 | NOTE | |||
r-oldrel-windows-x86_64 | 1.0 | 36.00 | 76.00 | 112.00 | NOTE |
Version: 1.0
Check: LazyData
Result: NOTE
'LazyData' is specified without a 'data' directory
Flavors: r-oldrel-macos-arm64, r-oldrel-macos-x86_64, r-oldrel-windows-x86_64
These binaries (installable software) and packages are in development.
They may not be fully stable and should be used with caution. We make no claims about them.