CRAN Package Check Results for Package quantregRanger

Last updated on 2025-02-16 08:50:57 CET.

Flavor Version Tinstall Tcheck Ttotal Status Flags
r-devel-linux-x86_64-debian-clang 1.0 21.81 29.26 51.07 OK
r-devel-linux-x86_64-debian-gcc 1.0 17.25 22.87 40.12 OK
r-devel-linux-x86_64-fedora-clang 1.0 102.99 OK
r-devel-linux-x86_64-fedora-gcc 1.0 99.46 OK
r-devel-macos-arm64 1.0 31.00 OK
r-devel-macos-x86_64 1.0 38.00 OK
r-devel-windows-x86_64 1.0 30.00 67.00 97.00 OK
r-patched-linux-x86_64 1.0 22.01 27.62 49.63 NOTE
r-release-linux-x86_64 1.0 23.38 27.45 50.83 NOTE
r-release-macos-arm64 1.0 30.00 NOTE
r-release-macos-x86_64 1.0 36.00 NOTE
r-release-windows-x86_64 1.0 29.00 71.00 100.00 NOTE
r-oldrel-macos-arm64 1.0 34.00 NOTE
r-oldrel-macos-x86_64 1.0 54.00 NOTE
r-oldrel-windows-x86_64 1.0 35.00 74.00 109.00 NOTE

Check Details

Version: 1.0
Check: LazyData
Result: NOTE 'LazyData' is specified without a 'data' directory Flavors: r-patched-linux-x86_64, r-release-linux-x86_64, r-release-macos-arm64, r-release-macos-x86_64, r-release-windows-x86_64, r-oldrel-macos-arm64, r-oldrel-macos-x86_64, r-oldrel-windows-x86_64

These binaries (installable software) and packages are in development.
They may not be fully stable and should be used with caution. We make no claims about them.