CRAN Package Check Results for Package quarrint

Last updated on 2025-02-16 08:50:57 CET.

Flavor Version Tinstall Tcheck Ttotal Status Flags
r-devel-linux-x86_64-debian-clang 1.0.0 5.87 22.82 28.69 NOTE
r-devel-linux-x86_64-debian-gcc 1.0.0 4.81 18.19 23.00 NOTE
r-devel-linux-x86_64-fedora-clang 1.0.0 48.98 NOTE
r-devel-linux-x86_64-fedora-gcc 1.0.0 46.21 NOTE
r-devel-macos-arm64 1.0.0 22.00 NOTE
r-devel-macos-x86_64 1.0.0 30.00 NOTE
r-devel-windows-x86_64 1.0.0 7.00 46.00 53.00 NOTE
r-patched-linux-x86_64 1.0.0 5.91 21.94 27.85 NOTE
r-release-linux-x86_64 1.0.0 5.82 21.91 27.73 NOTE
r-release-macos-arm64 1.0.0 22.00 NOTE
r-release-macos-x86_64 1.0.0 28.00 NOTE
r-release-windows-x86_64 1.0.0 7.00 49.00 56.00 NOTE
r-oldrel-macos-arm64 1.0.0 21.00 OK
r-oldrel-macos-x86_64 1.0.0 30.00 OK
r-oldrel-windows-x86_64 1.0.0 6.00 85.00 91.00 OK

Check Details

Version: 1.0.0
Check: Rd files
Result: NOTE checkRd: (-1) quarries.Rd:17-19: Lost braces in \itemize; meant \describe ? checkRd: (-1) quarries.Rd:20-22: Lost braces in \itemize; meant \describe ? checkRd: (-1) quarries.Rd:23-25: Lost braces in \itemize; meant \describe ? checkRd: (-1) quarries.Rd:26-28: Lost braces in \itemize; meant \describe ? Flavors: r-devel-linux-x86_64-debian-clang, r-devel-linux-x86_64-debian-gcc, r-devel-linux-x86_64-fedora-clang, r-devel-linux-x86_64-fedora-gcc, r-devel-macos-arm64, r-devel-macos-x86_64, r-devel-windows-x86_64, r-patched-linux-x86_64, r-release-linux-x86_64, r-release-macos-arm64, r-release-macos-x86_64, r-release-windows-x86_64

These binaries (installable software) and packages are in development.
They may not be fully stable and should be used with caution. We make no claims about them.