Last updated on 2025-10-23 11:50:24 CEST.
Flavor | Version | Tinstall | Tcheck | Ttotal | Status | Flags |
---|---|---|---|---|---|---|
r-devel-linux-x86_64-debian-clang | 1.5.1 | 5.69 | 180.60 | 186.29 | NOTE | |
r-devel-linux-x86_64-debian-gcc | 1.5.1 | 3.97 | 136.05 | 140.02 | OK | |
r-devel-linux-x86_64-fedora-clang | 1.5.1 | 24.00 | 255.04 | 279.04 | OK | |
r-devel-linux-x86_64-fedora-gcc | 1.5.1 | 12.00 | 269.58 | 281.58 | OK | |
r-devel-windows-x86_64 | 1.5.1 | 8.00 | 219.00 | 227.00 | OK | |
r-patched-linux-x86_64 | 1.5.1 | 6.42 | 174.62 | 181.04 | OK | |
r-release-linux-x86_64 | 1.5.1 | 5.71 | 173.02 | 178.73 | OK | |
r-release-macos-arm64 | 1.5.1 | 2.00 | 43.00 | 45.00 | OK | |
r-release-macos-x86_64 | 1.5.1 | 5.00 | 96.00 | 101.00 | OK | |
r-release-windows-x86_64 | 1.5.1 | 8.00 | 225.00 | 233.00 | OK | |
r-oldrel-macos-arm64 | 1.5.1 | 3.00 | 47.00 | 50.00 | OK | |
r-oldrel-macos-x86_64 | 1.5.1 | 5.00 | 83.00 | 88.00 | OK | |
r-oldrel-windows-x86_64 | 1.5.1 | 10.00 | 254.00 | 264.00 | OK |
Version: 1.5.1
Check: HTML version of manual
Result: NOTE
Found the following HTML validation problems:
quarto_serve.html:73:1 (quarto_serve.Rd:27): Warning: missing </ul> before </div>
Flavor: r-devel-linux-x86_64-debian-clang
These binaries (installable software) and packages are in development.
They may not be fully stable and should be used with caution. We make no claims about them.