Last updated on 2025-10-24 03:50:41 CEST.
| Flavor | Version | Tinstall | Tcheck | Ttotal | Status | Flags |
|---|---|---|---|---|---|---|
| r-devel-linux-x86_64-debian-clang | 0.1.0 | 5.12 | 43.85 | 48.97 | NOTE | |
| r-devel-linux-x86_64-debian-gcc | 0.1.0 | 3.76 | 32.90 | 36.66 | OK | |
| r-devel-linux-x86_64-fedora-clang | 0.1.0 | 13.00 | 61.29 | 74.29 | OK | |
| r-devel-linux-x86_64-fedora-gcc | 0.1.0 | 85.26 | OK | |||
| r-devel-windows-x86_64 | 0.1.0 | 6.00 | 60.00 | 66.00 | OK | |
| r-patched-linux-x86_64 | 0.1.0 | 5.32 | 39.53 | 44.85 | OK | |
| r-release-linux-x86_64 | 0.1.0 | 4.66 | 40.06 | 44.72 | OK | |
| r-release-macos-arm64 | 0.1.0 | 2.00 | 29.00 | 31.00 | OK | |
| r-release-macos-x86_64 | 0.1.0 | 4.00 | 51.00 | 55.00 | OK | |
| r-release-windows-x86_64 | 0.1.0 | 8.00 | 62.00 | 70.00 | OK | |
| r-oldrel-macos-arm64 | 0.1.0 | 2.00 | 31.00 | 33.00 | OK | |
| r-oldrel-macos-x86_64 | 0.1.0 | 4.00 | 53.00 | 57.00 | OK | |
| r-oldrel-windows-x86_64 | 0.1.0 | 8.00 | 74.00 | 82.00 | OK |
Version: 0.1.0
Check: HTML version of manual
Result: NOTE
Found the following HTML validation problems:
prefix_operators_name.html:46:1 (prefix_operators_name.Rd:10): Warning: missing </ul> before </div>
queryBuilderConfigClass.html:290:1 (queryBuilderConfigClass.Rd:159): Warning: missing </ul> before </div>
queryBuilderConfigClass.html:129:1 (queryBuilderConfigClass.Rd:64): Warning: <h5> anchor "Usage" already defined
queryBuilderConfigClass.html:135:1 (queryBuilderConfigClass.Rd:68): Warning: <h5> anchor "Arguments" already defined
queryBuilderConfigClass.html:160:1 (queryBuilderConfigClass.Rd:83): Warning: <h5> anchor "Usage" already defined
queryBuilderConfigClass.html:166:1 (queryBuilderConfigClass.Rd:87): Warning: <h5> anchor "Arguments" already defined
queryBuilderConfigClass.html:191:1 (queryBuilderConfigClass.Rd:102): Warning: <h5> anchor "Usage" already defined
queryBuilderConfigClass.html:197:1 (queryBuilderConfigClass.Rd:106): Warning: <h5> anchor "Arguments" already defined
queryBuilderConfigClass.html:220:1 (queryBuilderConfigClass.Rd:119): Warning: <h5> anchor "Usage" already defined
queryBuilderConfigClass.html:226:1 (queryBuilderConfigClass.Rd:123): Warning: <h5> anchor "Arguments" already defined
queryBuilderConfigClass.html:251:1 (queryBuilderConfigClass.Rd:138): Warning: <h5> anchor "Usage" already defined
queryBuilderConfigClass.html:267:1 (queryBuilderConfigClass.Rd:148): Warning: <h5> anchor "Usage" already defined
queryBuilderConfigClass.html:273:1 (queryBuilderConfigClass.Rd:152): Warning: <h5> anchor "Arguments" already defined
substitute_q.html:50:1 (substitute_q.Rd:12): Warning: missing </ul> before </div>
Flavor: r-devel-linux-x86_64-debian-clang
These binaries (installable software) and packages are in development.
They may not be fully stable and should be used with caution. We make no claims about them.