CRAN Package Check Results for Package quest

Last updated on 2025-11-12 18:50:42 CET.

Flavor Version Tinstall Tcheck Ttotal Status Flags
r-devel-linux-x86_64-debian-clang 0.2.1 6.55 100.95 107.50 OK
r-devel-linux-x86_64-debian-gcc 0.2.1 4.11 68.07 72.18 OK
r-devel-linux-x86_64-fedora-clang 0.2.1 19.00 150.01 169.01 OK
r-devel-linux-x86_64-fedora-gcc 0.2.1 13.00 145.59 158.59 OK
r-devel-windows-x86_64 0.2.1 11.00 150.00 161.00 OK
r-patched-linux-x86_64 0.2.1 9.57 97.02 106.59 OK
r-release-linux-x86_64 0.2.1 5.33 95.78 101.11 OK
r-release-macos-arm64 0.2.1 3.00 42.00 45.00 OK
r-release-macos-x86_64 0.2.1 6.00 86.00 92.00 OK
r-release-windows-x86_64 0.2.1 10.00 153.00 163.00 OK
r-oldrel-macos-arm64 0.2.1 2.00 45.00 47.00 OK
r-oldrel-macos-x86_64 0.2.1 6.00 88.00 94.00 OK
r-oldrel-windows-x86_64 0.2.1 1.00 9.00 10.00 ERROR

Check Details

Version: 0.2.1
Check: package dependencies
Result: ERROR Package required but not available: 'MBESS' See section 'The DESCRIPTION file' in the 'Writing R Extensions' manual. Flavor: r-oldrel-windows-x86_64

These binaries (installable software) and packages are in development.
They may not be fully stable and should be used with caution. We make no claims about them.