Last updated on 2025-10-23 11:50:24 CEST.
Flavor | Version | Tinstall | Tcheck | Ttotal | Status | Flags |
---|---|---|---|---|---|---|
r-devel-linux-x86_64-debian-clang | 0.8.1 | 8.33 | 77.71 | 86.04 | NOTE | |
r-devel-linux-x86_64-debian-gcc | 0.8.1 | 4.16 | 56.42 | 60.58 | OK | |
r-devel-linux-x86_64-fedora-clang | 0.8.1 | 56.00 | 90.10 | 146.10 | OK | |
r-devel-linux-x86_64-fedora-gcc | 0.8.1 | 38.00 | 109.25 | 147.25 | OK | |
r-devel-windows-x86_64 | 0.8.1 | 11.00 | 100.00 | 111.00 | OK | |
r-patched-linux-x86_64 | 0.8.1 | 8.12 | 73.49 | 81.61 | OK | |
r-release-linux-x86_64 | 0.8.1 | 8.91 | 73.21 | 82.12 | OK | |
r-release-macos-arm64 | 0.8.1 | 4.00 | 48.00 | 52.00 | OK | |
r-release-macos-x86_64 | 0.8.1 | 6.00 | 72.00 | 78.00 | OK | |
r-release-windows-x86_64 | 0.8.1 | 10.00 | 99.00 | 109.00 | OK | |
r-oldrel-macos-arm64 | 0.8.1 | 4.00 | 49.00 | 53.00 | OK | |
r-oldrel-macos-x86_64 | 0.8.1 | 6.00 | 82.00 | 88.00 | OK | |
r-oldrel-windows-x86_64 | 0.8.1 | 14.00 | 125.00 | 139.00 | OK |
Version: 0.8.1
Check: HTML version of manual
Result: NOTE
Found the following HTML validation problems:
escape_regex.html:48:1 (escape_regex.Rd:11): Warning: missing </ul> before </div>
first_non_null.html:50:1 (first_non_null.Rd:13): Warning: missing </ul> before </div>
Flavor: r-devel-linux-x86_64-debian-clang
These binaries (installable software) and packages are in development.
They may not be fully stable and should be used with caution. We make no claims about them.