Last updated on 2024-07-27 15:50:30 CEST.
Flavor | Version | Tinstall | Tcheck | Ttotal | Status | Flags |
---|---|---|---|---|---|---|
r-devel-linux-x86_64-debian-clang | 1.0.2 | 12.94 | 148.84 | 161.78 | NOTE | |
r-devel-linux-x86_64-debian-gcc | 1.0.2 | NOTE | ||||
r-devel-linux-x86_64-fedora-clang | 1.0.2 | 216.80 | NOTE | |||
r-devel-linux-x86_64-fedora-gcc | 1.0.2 | 199.85 | NOTE | |||
r-devel-windows-x86_64 | 1.0.2 | 11.00 | 121.00 | 132.00 | NOTE | |
r-patched-linux-x86_64 | 1.0.2 | NOTE | ||||
r-release-linux-x86_64 | 1.0.2 | 10.89 | 141.85 | 152.74 | NOTE | |
r-release-macos-arm64 | 1.0.2 | 58.00 | NOTE | |||
r-release-macos-x86_64 | 1.0.2 | 109.00 | NOTE | |||
r-release-windows-x86_64 | 1.0.2 | 11.00 | 122.00 | 133.00 | NOTE | |
r-oldrel-macos-arm64 | 1.0.2 | 61.00 | NOTE | |||
r-oldrel-macos-x86_64 | 1.0.2 | 155.00 | NOTE | |||
r-oldrel-windows-x86_64 | 1.0.2 | 14.00 | 152.00 | 166.00 | NOTE |
Version: 1.0.2
Check: package dependencies
Result: NOTE
Package suggested but not available for checking: ‘fastshp’
Flavors: r-devel-linux-x86_64-debian-clang, r-devel-linux-x86_64-debian-gcc, r-devel-linux-x86_64-fedora-clang, r-devel-linux-x86_64-fedora-gcc, r-devel-windows-x86_64, r-patched-linux-x86_64, r-release-linux-x86_64, r-release-macos-arm64, r-release-macos-x86_64, r-release-windows-x86_64, r-oldrel-macos-arm64, r-oldrel-macos-x86_64, r-oldrel-windows-x86_64
These binaries (installable software) and packages are in development.
They may not be fully stable and should be used with caution. We make no claims about them.