Last updated on 2024-07-27 15:50:30 CEST.
Flavor | Version | Tinstall | Tcheck | Ttotal | Status | Flags |
---|---|---|---|---|---|---|
r-devel-linux-x86_64-fedora-clang | 0.9.1 | 72.34 | OK | |||
r-devel-linux-x86_64-fedora-gcc | 0.9.1 | 83.02 | OK | |||
r-devel-windows-x86_64 | 0.9.1 | 6.00 | 73.00 | 79.00 | ERROR | |
r-patched-linux-x86_64 | 0.9 | OK | ||||
r-release-linux-x86_64 | 0.9 | 4.90 | 48.35 | 53.25 | OK | |
r-release-macos-arm64 | 0.9.1 | 36.00 | OK | |||
r-release-macos-x86_64 | 0.9.1 | 89.00 | OK | |||
r-oldrel-macos-arm64 | 0.9.1 | 41.00 | OK | |||
r-oldrel-macos-x86_64 | 0.9.1 | 70.00 | OK |
Version: 0.9.1
Check: examples
Result: ERROR
Running examples in 'quickcode-Ex.R' failed
The error most likely occurred in:
> ### Name: getGitRepoStart
> ### Title: Fetch GitHub Repository Creation & Last Updated Date
> ### Aliases: getGitRepoStart getGitRepoChange
>
> ### ** Examples
>
> # Use default date format
> getGitRepoStart(repo_name = "oobianom/quickcode")
Warning in file(con, "r") :
cannot open URL 'https://api.github.com/repos/oobianom/quickcode': HTTP status was '403 Forbidden'
Error in file(con, "r") :
cannot open the connection to 'https://api.github.com/repos/oobianom/quickcode'
Calls: getGitRepoStart -> readLines -> file
Execution halted
Flavor: r-devel-windows-x86_64
These binaries (installable software) and packages are in development.
They may not be fully stable and should be used with caution. We make no claims about them.