Last updated on 2024-07-27 15:50:30 CEST.
Flavor | Version | Tinstall | Tcheck | Ttotal | Status | Flags |
---|---|---|---|---|---|---|
r-devel-linux-x86_64-debian-clang | 0.2.2 | 4.55 | 37.80 | 42.35 | NOTE | |
r-devel-linux-x86_64-debian-gcc | 0.2.2 | NOTE | ||||
r-devel-linux-x86_64-fedora-clang | 0.2.2 | 53.67 | NOTE | |||
r-devel-linux-x86_64-fedora-gcc | 0.2.2 | 48.64 | NOTE | |||
r-devel-windows-x86_64 | 0.2.2 | 8.00 | 59.00 | 67.00 | NOTE | |
r-patched-linux-x86_64 | 0.2.2 | OK | ||||
r-release-linux-x86_64 | 0.2.2 | 3.40 | 36.05 | 39.45 | OK | |
r-release-macos-arm64 | 0.2.2 | 23.00 | OK | |||
r-release-macos-x86_64 | 0.2.2 | 32.00 | OK | |||
r-release-windows-x86_64 | 0.2.2 | 7.00 | 58.00 | 65.00 | OK | |
r-oldrel-macos-arm64 | 0.2.2 | 25.00 | OK | |||
r-oldrel-macos-x86_64 | 0.2.2 | 50.00 | OK | |||
r-oldrel-windows-x86_64 | 0.2.2 | 9.00 | 64.00 | 73.00 | OK |
Version: 0.2.2
Check: compiled code
Result: NOTE
File ‘quickmatch/libs/quickmatch.so’:
Found non-API call to R: ‘SETLENGTH’
Compiled code should not call non-API entry points in R.
See ‘Writing portable packages’ in the ‘Writing R Extensions’ manual,
and section ‘Moving into C API compliance’ for issues with the use of
non-API entry points.
Flavors: r-devel-linux-x86_64-debian-clang, r-devel-linux-x86_64-debian-gcc, r-devel-linux-x86_64-fedora-clang, r-devel-linux-x86_64-fedora-gcc
Version: 0.2.2
Check: compiled code
Result: NOTE
File 'quickmatch/libs/x64/quickmatch.dll':
Found non-API call to R: 'SETLENGTH'
Compiled code should not call non-API entry points in R.
See 'Writing portable packages' in the 'Writing R Extensions' manual,
and section 'Moving into C API compliance' for issues with the use of
non-API entry points.
Flavor: r-devel-windows-x86_64
These binaries (installable software) and packages are in development.
They may not be fully stable and should be used with caution. We make no claims about them.