Last updated on 2025-05-01 14:49:19 CEST.
Flavor | Version | Tinstall | Tcheck | Ttotal | Status | Flags |
---|---|---|---|---|---|---|
r-devel-linux-x86_64-debian-clang | 0.1.5.1 | 8.26 | 179.06 | 187.32 | NOTE | |
r-devel-linux-x86_64-debian-gcc | 0.1.5.1 | 4.85 | 118.67 | 123.52 | NOTE | |
r-devel-linux-x86_64-fedora-clang | 0.1.5.1 | 280.47 | OK | |||
r-devel-linux-x86_64-fedora-gcc | 0.1.5.1 | 265.93 | OK | |||
r-devel-windows-x86_64 | 0.1.5.1 | 9.00 | 177.00 | 186.00 | OK | |
r-patched-linux-x86_64 | 0.1.5.1 | 6.88 | 168.11 | 174.99 | OK | |
r-release-linux-x86_64 | OK | |||||
r-release-macos-arm64 | 0.1.5.1 | 76.00 | OK | |||
r-release-macos-x86_64 | 0.1.5.1 | 164.00 | OK | |||
r-release-windows-x86_64 | 0.1.5.1 | 11.00 | 177.00 | 188.00 | OK | |
r-oldrel-macos-arm64 | 0.1.5.1 | 72.00 | OK | |||
r-oldrel-macos-x86_64 | 0.1.5.1 | 133.00 | OK | |||
r-oldrel-windows-x86_64 | 0.1.5.1 | 11.00 | 225.00 | 236.00 | OK |
Version: 0.1.5.1
Check: CRAN incoming feasibility
Result: NOTE
Maintainer: ‘Linares Daniel <danilinares@gmail.com>’
Package CITATION file contains call(s) to old-style personList() or
as.personList(). Please use c() on person objects instead.
Package CITATION file contains call(s) to old-style citEntry(). Please
use bibentry() instead.
Flavors: r-devel-linux-x86_64-debian-clang, r-devel-linux-x86_64-debian-gcc
Version: 0.1.5.1
Check: examples
Result: NOTE
Examples with CPU (user + system) or elapsed time > 5s
user system elapsed
logliksboot 12.268 0.020 15.676
logliksbootsaturated 12.093 0.000 15.203
devianceboot 11.690 0.060 13.296
deviance 11.508 0.148 13.581
loglikssaturated 10.949 0.086 14.175
ypred 10.756 0.000 12.368
plotpar 10.152 0.019 12.582
plotthresholds_ 8.744 0.000 10.603
plotthresholds 8.675 0.035 10.113
quickpsy 8.639 0.012 11.088
plotcurves 7.392 0.012 9.327
plotcurves_ 7.395 0.000 9.563
Flavor: r-devel-linux-x86_64-debian-clang
Version: 0.1.5.1
Check: examples
Result: NA
user system elapsed
ypred 7.947 0.000 9.666
logliksbootsaturated 7.670 0.024 8.371
deviance 7.488 0.086 8.358
logliksboot 7.389 0.012 8.103
devianceboot 7.168 0.143 9.194
loglikssaturated 6.811 0.009 6.969
plotpar 6.547 0.022 7.480
plotthresholds_ 5.741 0.004 6.146
quickpsy 5.718 0.016 6.630
plotthresholds 5.478 0.008 5.699
plotcurves 4.724 0.004 5.568
OK
Flavor: r-devel-linux-x86_64-debian-gcc
These binaries (installable software) and packages are in development.
They may not be fully stable and should be used with caution. We make no claims about them.